{"id":117,"date":"2019-10-23T19:53:06","date_gmt":"2019-10-23T19:53:06","guid":{"rendered":"https:\/\/www.giselagarciagleria.com.ar\/?page_id=117"},"modified":"2021-03-16T14:27:44","modified_gmt":"2021-03-16T17:27:44","slug":"renacer-en-epecuen","status":"publish","type":"page","link":"https:\/\/www.giselagarciagleria.com.ar\/en\/renacer-en-epecuen\/","title":{"rendered":"Reborn in Epecuen"},"content":{"rendered":"<p>[et_pb_section fb_built=\u00bb1&#8243; inner_shadow=\u00bbon\u00bb _builder_version=\u00bb3.22&#8243; custom_padding=\u00bb76.1167px|0px|23px|0px|false|false\u00bb box_shadow_style=\u00bbpreset6&#8243; locked=\u00bboff\u00bb][et_pb_row _builder_version=\u00bb3.25&#8243; custom_padding=\u00bb0|0px|38.4px|0px|false|false\u00bb][et_pb_column type=\u00bb4_4&#8243; _builder_version=\u00bb3.25&#8243; custom_padding=\u00bb|||\u00bb custom_padding__hover=\u00bb|||\u00bb][et_pb_text _builder_version=\u00bb4.9.2&#8243; text_font=\u00bb||||||||\u00bb text_font_size=\u00bb16px\u00bb text_line_height=\u00bb1.6em\u00bb header_font=\u00bb||||||||\u00bb header_2_font=\u00bb||||||||\u00bb header_3_font=\u00bb|600|||||||\u00bb header_3_text_color=\u00bb#236193&#8243; header_3_font_size=\u00bb30px\u00bb header_4_font=\u00bb||||||||\u00bb text_font_size_tablet=\u00bb15px\u00bb text_font_size_phone=\u00bb14px\u00bb text_font_size_last_edited=\u00bbon|phone\u00bb text_line_height_tablet=\u00bb\u00bb text_line_height_phone=\u00bb\u00bb text_line_height_last_edited=\u00bbon|desktop\u00bb header_3_font_size_tablet=\u00bb30px\u00bb header_3_font_size_phone=\u00bb24px\u00bb header_3_font_size_last_edited=\u00bbon|phone\u00bb header_3_text_shadow_style=\u00bbpreset1&#8243;]<\/p>\n<h3>Renacer en Epecu\u00e9n<\/h3>\n<p>&nbsp;<\/p>\n<p style=\"text-align: justify;\">(2018)<\/p>\n<p style=\"text-align: justify;\">Epecu\u00e9n es un pueblo de la Provincia de Buenos Aires, que desde sus ruinas despliega una belleza \u00fanica y sobrecogedora,\u00a0reconocida mundialmete por sus atardeceres que iluminan la laguna con una poes\u00eda singular, desprendida de los fragmentos de su historia.<br \/>En 1985, Villa Epecu\u00e9n, ubicada en el partido de Adolfo Alsina en la Provincia de Buenos Aires, sufri\u00f3 una gran inundaci\u00f3n cuando una crecida del lago sumergi\u00f3 a la ciudad completamente, obligando a su evacuaci\u00f3n total. <br \/>En los \u00faltimos a\u00f1os, el agua comenz\u00f3 a retirarse, dejando a la vista las ruinas de la ciudad, que se han convertido por s\u00ed mismas en un atractivo tur\u00edstico.\u00a0\u00a0<\/p>\n<p style=\"text-align: justify;\">Expuestos en la <strong>Casa de la Cultura de la Ciudad de Buenos Aires<\/strong>, Av. de Mayo 571 C.A.B.A. del 7 al 10 de noviembre de 2018, participante de <em><strong>La Noche de los Museos 2018<\/strong><\/em><\/p>\n<p style=\"text-align: justify;\"><a href=\"https:\/\/www.giselagarciagleria.com.ar\/expo-renacer-en-epecuen-2018\/\"><strong>Ver en mi Blog<\/strong><\/a><\/p>\n<p>[\/et_pb_text][\/et_pb_column][\/et_pb_row][et_pb_row _builder_version=\u00bb3.25&#8243;][et_pb_column type=\u00bb4_4&#8243; _builder_version=\u00bb3.25&#8243; custom_padding=\u00bb|||\u00bb custom_padding__hover=\u00bb|||\u00bb][et_pb_portfolio fullwidth=\u00bboff\u00bb posts_number=\u00bb50&#8243; include_categories=\u00bb38&#8243; show_categories=\u00bboff\u00bb show_pagination=\u00bboff\u00bb zoom_icon_color=\u00bb#a5457f\u00bb hover_overlay_color=\u00bbrgba(255,255,255,0.5)\u00bb _builder_version=\u00bb3.19.17&#8243; title_level=\u00bbh6&#8243; title_font=\u00bbCuprum|700|||||||\u00bb title_text_align=\u00bbcenter\u00bb title_text_color=\u00bb#7f7f7f\u00bb title_font_size=\u00bb15px\u00bb title_line_height=\u00bb1.4em\u00bb caption_font=\u00bbCuprum||||||||\u00bb caption_text_color=\u00bb#a5457f\u00bb caption_line_height=\u00bb2.3em\u00bb pagination_font=\u00bbCuprum||||||||\u00bb pagination_text_color=\u00bb#a5457f\u00bb pagination_font_size=\u00bb16px\u00bb pagination_line_height=\u00bb2.1em\u00bb title_font_size_tablet=\u00bb\u00bb title_font_size_phone=\u00bb\u00bb title_font_size_last_edited=\u00bbon|phone\u00bb border_color_all_image=\u00bb#5b5b5b\u00bb box_shadow_style_image=\u00bbpreset3&#8243; box_shadow_vertical_image=\u00bb16px\u00bb box_shadow_blur_image=\u00bb8px\u00bb][\/et_pb_portfolio][\/et_pb_column][\/et_pb_row][et_pb_row _builder_version=\u00bb3.25&#8243; disabled_on=\u00bbon|on|on\u00bb disabled=\u00bbon\u00bb][et_pb_column type=\u00bb4_4&#8243; _builder_version=\u00bb3.25&#8243; custom_padding=\u00bb|||\u00bb custom_padding__hover=\u00bb|||\u00bb][et_pb_button button_url=\u00bbhttps:\/\/www.giselagarciagleria.com.ar\/categoria-producto\/renacer-en-epecuen\/\u00bb button_text=\u00bbAdquirir pinturas de esta serie\u00bb button_alignment=\u00bbcenter\u00bb _builder_version=\u00bb3.19.17&#8243; custom_button=\u00bbon\u00bb button_text_size=\u00bb20px\u00bb button_text_color=\u00bb#a5457f\u00bb button_font=\u00bb|600|||||||\u00bb button_icon=\u00bb%%242%%\u00bb custom_margin=\u00bb0px||0px\u00bb button_text_size_tablet=\u00bb\u00bb button_text_size_phone=\u00bb14px\u00bb button_text_size_last_edited=\u00bbon|desktop\u00bb locked=\u00bboff\u00bb button_text_size__hover_enabled=\u00bbon\u00bb][\/et_pb_button][\/et_pb_column][\/et_pb_row][\/et_pb_section][et_pb_section fb_built=\u00bb1&#8243; custom_padding_last_edited=\u00bboff|tablet\u00bb _builder_version=\u00bb3.22&#8243; background_color=\u00bb#2d2d2d\u00bb use_background_color_gradient=\u00bbon\u00bb background_color_gradient_start=\u00bb#000000&#8243; background_color_gradient_end=\u00bb#515151&#8243; custom_margin_tablet=\u00bb\u00bb custom_margin_phone=\u00bb\u00bb custom_margin_last_edited=\u00bbon|phone\u00bb custom_padding=\u00bb0|0px|0|0px|false|false\u00bb custom_padding_tablet=\u00bb40px||\u00bb custom_padding_phone=\u00bb20px||15px\u00bb global_module=\u00bb718&#8243; collapsed=\u00bbon\u00bb][et_pb_row column_structure=\u00bb1_3,1_3,1_3&#8243; use_custom_gutter=\u00bbon\u00bb gutter_width=\u00bb1&#8243; make_equal=\u00bbon\u00bb _builder_version=\u00bb3.25&#8243; use_custom_width=\u00bbon\u00bb][et_pb_column type=\u00bb1_3&#8243; _builder_version=\u00bb3.25&#8243; custom_padding=\u00bb||0px|\u00bb custom_padding__hover=\u00bb|||\u00bb][et_pb_image src=\u00bbhttps:\/\/www.giselagarciagleria.com.ar\/wp-content\/uploads\/2019\/10\/logo-paint-negativo.png\u00bb align=\u00bbcenter\u00bb align_tablet=\u00bbcenter\u00bb align_phone=\u00bb\u00bb align_last_edited=\u00bbon|desktop\u00bb _builder_version=\u00bb3.23&#8243;][\/et_pb_image][\/et_pb_column][et_pb_column type=\u00bb1_3&#8243; _builder_version=\u00bb3.25&#8243; custom_padding=\u00bb||0px|\u00bb custom_padding__hover=\u00bb|||\u00bb][et_pb_social_media_follow _builder_version=\u00bb3.19.17&#8243; text_orientation=\u00bbcenter\u00bb custom_margin=\u00bb30px||\u00bb][et_pb_social_media_follow_network social_network=\u00bbfacebook\u00bb url=\u00bbhttps:\/\/es-la.facebook.com\/giselagarciagleria1\/\u00bb _builder_version=\u00bb3.19.17&#8243; background_color=\u00bb#3b5998&#8243; follow_button=\u00bboff\u00bb url_new_window=\u00bbon\u00bb]facebook[\/et_pb_social_media_follow_network][et_pb_social_media_follow_network social_network=\u00bbinstagram\u00bb url=\u00bbhttps:\/\/www.instagram.com\/giselagarciagleria\/\u00bb _builder_version=\u00bb3.19.17&#8243; background_color=\u00bb#ea2c59&#8243; follow_button=\u00bboff\u00bb url_new_window=\u00bbon\u00bb]instagram[\/et_pb_social_media_follow_network][et_pb_social_media_follow_network social_network=\u00bbtwitter\u00bb url=\u00bbhttps:\/\/twitter.com\/garciagleria?lang=es\u00bb _builder_version=\u00bb3.19.17&#8243; background_color=\u00bb#00aced\u00bb follow_button=\u00bboff\u00bb url_new_window=\u00bbon\u00bb]twitter[\/et_pb_social_media_follow_network][et_pb_social_media_follow_network social_network=\u00bblinkedin\u00bb url=\u00bbhttps:\/\/ar.linkedin.com\/in\/gisela-garcia-gleria-ab416322&#8243; _builder_version=\u00bb3.19.17&#8243; background_color=\u00bb#007bb6&#8243; follow_button=\u00bboff\u00bb url_new_window=\u00bbon\u00bb]linkedin[\/et_pb_social_media_follow_network][et_pb_social_media_follow_network social_network=\u00bbyoutube\u00bb url=\u00bbhttps:\/\/www.youtube.com\/channel\/UCbQvub85JthnVNT3xZzbTSQ\/featured?disable_polymer=1&#8243; _builder_version=\u00bb3.19.17&#8243; background_color=\u00bb#a82400&#8243; follow_button=\u00bboff\u00bb url_new_window=\u00bbon\u00bb]youtube[\/et_pb_social_media_follow_network][\/et_pb_social_media_follow][et_pb_code disabled_on=\u00bboff|off|off\u00bb _builder_version=\u00bb3.19.17&#8243; text_orientation=\u00bbcenter\u00bb]<\/p>\n<div id=\"stats\"><!-- [et_pb_line_break_holder] -->  <!-- [et_pb_line_break_holder] --><!-- Begin ShinyStat Code --><!-- [et_pb_line_break_holder] --><script type=\"text\/javascript\" src=\"\/\/codice.shinystat.com\/cgi-bin\/getcod.cgi?USER=giselagarciagle\"><\/script><!-- [et_pb_line_break_holder] --><noscript><!-- [et_pb_line_break_holder] --><a href=\"http:\/\/www.shinystat.com\/es\/\" target=\"_top\" rel=\"noopener noreferrer\"><!-- [et_pb_line_break_holder] --><img decoding=\"async\" src=\"\/\/www.shinystat.com\/cgi-bin\/shinystat.cgi?USER=giselagarciagle\" alt=\"Visitas web\" style=\"border:0px\" \/><\/a><!-- [et_pb_line_break_holder] --><\/noscript><!-- [et_pb_line_break_holder] --><!-- End ShinyStat Code --><!-- [et_pb_line_break_holder] --><\/div>\n<p><!-- [et_pb_line_break_holder] -->[\/et_pb_code][\/et_pb_column][et_pb_column type=\u00bb1_3&#8243; _builder_version=\u00bb3.25&#8243; custom_padding=\u00bb||0px|\u00bb custom_padding__hover=\u00bb|||\u00bb][et_pb_text _builder_version=\u00bb3.27.4&#8243; text_font=\u00bb||||||||\u00bb text_text_color=\u00bb#ffffff\u00bb custom_margin=\u00bb30px||\u00bb]<\/p>\n<p style=\"text-align: center;\">Dise\u00f1o: <strong><a href=\"https:\/\/www.web4.com.ar\" target=\"_blank\" rel=\"noopener noreferrer\">WEB4<\/a><\/strong><\/p>\n<p>[\/et_pb_text][\/et_pb_column][\/et_pb_row][\/et_pb_section]<\/p>\n","protected":false},"excerpt":{"rendered":"<p>Renacer en Epecu\u00e9n &nbsp; (2018) Epecu\u00e9n es un pueblo de la Provincia de Buenos Aires, que desde sus ruinas despliega una belleza \u00fanica y sobrecogedora,\u00a0reconocida mundialmete por sus atardeceres que iluminan la laguna con una poes\u00eda singular, desprendida de los fragmentos de su historia.En 1985, Villa Epecu\u00e9n, ubicada en el partido de Adolfo Alsina en [&hellip;]<\/p>\n","protected":false},"author":1,"featured_media":7907,"parent":0,"menu_order":0,"comment_status":"closed","ping_status":"closed","template":"","meta":{"_et_pb_use_builder":"on","_et_pb_old_content":"","_et_gb_content_width":"","footnotes":""},"class_list":["post-117","page","type-page","status-publish","has-post-thumbnail","hentry"],"a3_pvc":{"activated":false,"total_views":11,"today_views":2},"_links":{"self":[{"href":"https:\/\/www.giselagarciagleria.com.ar\/en\/wp-json\/wp\/v2\/pages\/117","targetHints":{"allow":["GET"]}}],"collection":[{"href":"https:\/\/www.giselagarciagleria.com.ar\/en\/wp-json\/wp\/v2\/pages"}],"about":[{"href":"https:\/\/www.giselagarciagleria.com.ar\/en\/wp-json\/wp\/v2\/types\/page"}],"author":[{"embeddable":true,"href":"https:\/\/www.giselagarciagleria.com.ar\/en\/wp-json\/wp\/v2\/users\/1"}],"replies":[{"embeddable":true,"href":"https:\/\/www.giselagarciagleria.com.ar\/en\/wp-json\/wp\/v2\/comments?post=117"}],"version-history":[{"count":0,"href":"https:\/\/www.giselagarciagleria.com.ar\/en\/wp-json\/wp\/v2\/pages\/117\/revisions"}],"wp:featuredmedia":[{"embeddable":true,"href":"https:\/\/www.giselagarciagleria.com.ar\/en\/wp-json\/wp\/v2\/media\/7907"}],"wp:attachment":[{"href":"https:\/\/www.giselagarciagleria.com.ar\/en\/wp-json\/wp\/v2\/media?parent=117"}],"curies":[{"name":"wp","href":"https:\/\/api.w.org\/{rel}","templated":true}]}}

<p>[et_pb_section fb_built=»1&#8243; inner_shadow=»on» _builder_version=»3.22&#8243; custom_padding=»76.1167px|0px|23px|0px|false|false» box_shadow_style=»preset6&#8243; locked=»off»][et_pb_row _builder_version=»3.25&#8243; custom_padding=»0|0px|38.4px|0px|false|false»][et_pb_column type=»4_4&#8243; _builder_version=»3.25&#8243; custom_padding=»|||» custom_padding__hover=»|||»][et_pb_text _builder_version=»4.9.2&#8243; text_font=»||||||||» text_font_size=»16px» text_line_height=»1.6em» header_font=»||||||||» header_2_font=»||||||||» header_3_font=»|600|||||||» header_3_text_color=»#236193&#8243; header_3_font_size=»30px» header_4_font=»||||||||» text_font_size_tablet=»15px» text_font_size_phone=»14px» text_font_size_last_edited=»on|phone» text_line_height_tablet=»» text_line_height_phone=»» text_line_height_last_edited=»on|desktop» header_3_font_size_tablet=»30px» header_3_font_size_phone=»24px» header_3_font_size_last_edited=»on|phone» header_3_text_shadow_style=»preset1&#8243;]</p>
<h3>Renacer en Epecuén</h3>
<p>&nbsp;</p>
<p style="text-align: justify;">(2018)</p>
<p style="text-align: justify;">Epecuén es un pueblo de la Provincia de Buenos Aires, que desde sus ruinas despliega una belleza única y sobrecogedora, reconocida mundialmete por sus atardeceres que iluminan la laguna con una poesía singular, desprendida de los fragmentos de su historia.<br />En 1985, Villa Epecuén, ubicada en el partido de Adolfo Alsina en la Provincia de Buenos Aires, sufrió una gran inundación cuando una crecida del lago sumergió a la ciudad completamente, obligando a su evacuación total. <br />En los últimos años, el agua comenzó a retirarse, dejando a la vista las ruinas de la ciudad, que se han convertido por sí mismas en un atractivo turístico.  </p>
<p style="text-align: justify;">Expuestos en la <strong>Casa de la Cultura de la Ciudad de Buenos Aires</strong>, Av. de Mayo 571 C.A.B.A. del 7 al 10 de noviembre de 2018, participante de <em><strong>La Noche de los Museos 2018</strong></em></p>
<p style="text-align: justify;"><a href="https://www.giselagarciagleria.com.ar/expo-renacer-en-epecuen-2018/"><strong>Ver en mi Blog</strong></a></p>
<p>[/et_pb_text][/et_pb_column][/et_pb_row][et_pb_row _builder_version=»3.25&#8243;][et_pb_column type=»4_4&#8243; _builder_version=»3.25&#8243; custom_padding=»|||» custom_padding__hover=»|||»][et_pb_portfolio fullwidth=»off» posts_number=»50&#8243; include_categories=»38&#8243; show_categories=»off» show_pagination=»off» zoom_icon_color=»#a5457f» hover_overlay_color=»rgba(255,255,255,0.5)» _builder_version=»3.19.17&#8243; title_level=»h6&#8243; title_font=»Cuprum|700|||||||» title_text_align=»center» title_text_color=»#7f7f7f» title_font_size=»15px» title_line_height=»1.4em» caption_font=»Cuprum||||||||» caption_text_color=»#a5457f» caption_line_height=»2.3em» pagination_font=»Cuprum||||||||» pagination_text_color=»#a5457f» pagination_font_size=»16px» pagination_line_height=»2.1em» title_font_size_tablet=»» title_font_size_phone=»» title_font_size_last_edited=»on|phone» border_color_all_image=»#5b5b5b» box_shadow_style_image=»preset3&#8243; box_shadow_vertical_image=»16px» box_shadow_blur_image=»8px»][/et_pb_portfolio][/et_pb_column][/et_pb_row][et_pb_row _builder_version=»3.25&#8243; disabled_on=»on|on|on» disabled=»on»][et_pb_column type=»4_4&#8243; _builder_version=»3.25&#8243; custom_padding=»|||» custom_padding__hover=»|||»][et_pb_button button_url=»https://www.giselagarciagleria.com.ar/categoria-producto/renacer-en-epecuen/» button_text=»Adquirir pinturas de esta serie» button_alignment=»center» _builder_version=»3.19.17&#8243; custom_button=»on» button_text_size=»20px» button_text_color=»#a5457f» button_font=»|600|||||||» button_icon=»%%242%%» custom_margin=»0px||0px» button_text_size_tablet=»» button_text_size_phone=»14px» button_text_size_last_edited=»on|desktop» locked=»off» button_text_size__hover_enabled=»on»][/et_pb_button][/et_pb_column][/et_pb_row][/et_pb_section][et_pb_section fb_built=»1&#8243; custom_padding_last_edited=»off|tablet» _builder_version=»3.22&#8243; background_color=»#2d2d2d» use_background_color_gradient=»on» background_color_gradient_start=»#000000&#8243; background_color_gradient_end=»#515151&#8243; custom_margin_tablet=»» custom_margin_phone=»» custom_margin_last_edited=»on|phone» custom_padding=»0|0px|0|0px|false|false» custom_padding_tablet=»40px||» custom_padding_phone=»20px||15px» global_module=»718&#8243; collapsed=»on»][et_pb_row column_structure=»1_3,1_3,1_3&#8243; use_custom_gutter=»on» gutter_width=»1&#8243; make_equal=»on» _builder_version=»3.25&#8243; use_custom_width=»on»][et_pb_column type=»1_3&#8243; _builder_version=»3.25&#8243; custom_padding=»||0px|» custom_padding__hover=»|||»][et_pb_image src=»https://www.giselagarciagleria.com.ar/wp-content/uploads/2019/10/logo-paint-negativo.png» align=»center» align_tablet=»center» align_phone=»» align_last_edited=»on|desktop» _builder_version=»3.23&#8243;][/et_pb_image][/et_pb_column][et_pb_column type=»1_3&#8243; _builder_version=»3.25&#8243; custom_padding=»||0px|» custom_padding__hover=»|||»][et_pb_social_media_follow _builder_version=»3.19.17&#8243; text_orientation=»center» custom_margin=»30px||»][et_pb_social_media_follow_network social_network=»facebook» url=»https://es-la.facebook.com/giselagarciagleria1/» _builder_version=»3.19.17&#8243; background_color=»#3b5998&#8243; follow_button=»off» url_new_window=»on»]facebook[/et_pb_social_media_follow_network][et_pb_social_media_follow_network social_network=»instagram» url=»https://www.instagram.com/giselagarciagleria/» _builder_version=»3.19.17&#8243; background_color=»#ea2c59&#8243; follow_button=»off» url_new_window=»on»]instagram[/et_pb_social_media_follow_network][et_pb_social_media_follow_network social_network=»twitter» url=»https://twitter.com/garciagleria?lang=es» _builder_version=»3.19.17&#8243; background_color=»#00aced» follow_button=»off» url_new_window=»on»]twitter[/et_pb_social_media_follow_network][et_pb_social_media_follow_network social_network=»linkedin» url=»https://ar.linkedin.com/in/gisela-garcia-gleria-ab416322&#8243; _builder_version=»3.19.17&#8243; background_color=»#007bb6&#8243; follow_button=»off» url_new_window=»on»]linkedin[/et_pb_social_media_follow_network][et_pb_social_media_follow_network social_network=»youtube» url=»https://www.youtube.com/channel/UCbQvub85JthnVNT3xZzbTSQ/featured?disable_polymer=1&#8243; _builder_version=»3.19.17&#8243; background_color=»#a82400&#8243; follow_button=»off» url_new_window=»on»]youtube[/et_pb_social_media_follow_network][/et_pb_social_media_follow][et_pb_code disabled_on=»off|off|off» _builder_version=»3.19.17&#8243; text_orientation=»center»]</p>
<div id="stats"><!-- [et_pb_line_break_holder] -->  <!-- [et_pb_line_break_holder] --><!-- Begin ShinyStat Code --><!-- [et_pb_line_break_holder] --><script type="text/javascript" src="//codice.shinystat.com/cgi-bin/getcod.cgi?USER=giselagarciagle"></script><!-- [et_pb_line_break_holder] --><noscript><!-- [et_pb_line_break_holder] --><a href="http://www.shinystat.com/es/" target="_top" rel="noopener noreferrer"><!-- [et_pb_line_break_holder] --><img decoding="async" src="//www.shinystat.com/cgi-bin/shinystat.cgi?USER=giselagarciagle" alt="Visitas web" style="border:0px" /></a><!-- [et_pb_line_break_holder] --></noscript><!-- [et_pb_line_break_holder] --><!-- End ShinyStat Code --><!-- [et_pb_line_break_holder] --></div>
<p><!-- [et_pb_line_break_holder] -->[/et_pb_code][/et_pb_column][et_pb_column type=»1_3&#8243; _builder_version=»3.25&#8243; custom_padding=»||0px|» custom_padding__hover=»|||»][et_pb_text _builder_version=»3.27.4&#8243; text_font=»||||||||» text_text_color=»#ffffff» custom_margin=»30px||»]</p>
<p style="text-align: center;">Diseño: <strong><a href="https://www.web4.com.ar" target="_blank" rel="noopener noreferrer">WEB4</a></strong></p>
<p>[/et_pb_text][/et_pb_column][/et_pb_row][/et_pb_section]</p>

<p>Renacer en Epecuén &nbsp; (2018) Epecuén es un pueblo de la Provincia de Buenos Aires, que desde sus ruinas despliega una belleza única y sobrecogedora, reconocida mundialmete por sus atardeceres que iluminan la laguna con una poesía singular, desprendida de los fragmentos de su historia.En 1985, Villa Epecuén, ubicada en el partido de Adolfo Alsina en [&hellip;]</p>
