{"id":11282,"date":"2024-12-17T13:24:09","date_gmt":"2024-12-17T16:24:09","guid":{"rendered":"https:\/\/www.giselagarciagleria.com.ar\/?post_type=product&#038;p=11282"},"modified":"2026-03-29T19:09:25","modified_gmt":"2026-03-29T22:09:25","slug":"lamina-springbank-brumoso","status":"publish","type":"product","link":"https:\/\/www.giselagarciagleria.com.ar\/en\/product\/lamina-springbank-brumoso\/","title":{"rendered":"\u00abSpringbank misty\u00bb Art Print"},"content":{"rendered":"<p>Estas l\u00e1minas de obras originales de Gisela Garc\u00eda Gleria son <strong>edici\u00f3n limitada<\/strong> y solo se vender\u00e1n 15 ejemplares de cada dise\u00f1o.<br \/>\nEl tama\u00f1o de impresi\u00f3n recomendado es A4 (21 x 29.7 cm)<\/p>\n<p class=\"translation-block\">Customized orders are made for any work from the artist's <strong><a href=\"https:\/\/www.giselagarciagleria.com.ar\/en\/catalogo-de-pinturas\/\" target=\"_blank\" rel=\"noopener\">CATALOG<\/a><\/strong>.<\/p>\n<p>&nbsp;<\/p>\n<hr \/>\n<h3><\/h3>\n<h3>Artwork Info<\/h3>\n<p><a href=\"https:\/\/www.giselagarciagleria.com.ar\/wp-content\/uploads\/2021\/04\/Springbank-brumoso.jpg\"><img loading=\"lazy\" decoding=\"async\" class=\"alignnone size-medium wp-image-9116\" src=\"https:\/\/www.giselagarciagleria.com.ar\/wp-content\/uploads\/2021\/04\/Springbank-brumoso-239x300.jpg\" alt=\"Springbank brumoso\" width=\"239\" height=\"300\" \/><\/a><\/p>\n<p><em>Serie: Distilleries<\/em><br \/>\n<em>Technique: Acrylic on canvas<\/em><br \/>\n<em>Size: 50 x 60 cm<\/em><br \/>\n<em>Year: 2021<\/em><\/p>\n<p>Inspired by a photograph of the Springbank Distillery (photo N \u00b0 2)<\/p>\n<p class=\"translation-block\">Trying to capture on canvas the atmosphere of such an amazing photo room, as suggested by Messrs. Whisky &amp; Co., with an eye always ready to find myself some interesting challenge.<br>\nThe Springbank Distillery was established in 1828 by the Mitchell family.<br>\nIt is the oldest independently owned distillery in Scotland, as it remains part of the same family today, five generations later.<\/p>","protected":false},"excerpt":{"rendered":"<p>L\u00e1mina descargable tama\u00f1o A4 con obra original de Gisela Garc\u00eda Gleria.<br \/>\nEDICI\u00d3N LIMITADA<\/p>","protected":false},"featured_media":11197,"template":"","meta":{"_et_pb_use_builder":"","_et_pb_old_content":"","_et_gb_content_width":""},"product_brand":[],"product_cat":[110],"product_tag":[],"class_list":{"0":"post-11282","1":"product","2":"type-product","3":"status-publish","4":"has-post-thumbnail","6":"product_cat-laminas","8":"first","9":"instock","10":"downloadable","11":"shipping-taxable","12":"purchasable","13":"product-type-simple"},"a3_pvc":{"activated":false,"total_views":7,"today_views":0},"_links":{"self":[{"href":"https:\/\/www.giselagarciagleria.com.ar\/en\/wp-json\/wp\/v2\/product\/11282","targetHints":{"allow":["GET"]}}],"collection":[{"href":"https:\/\/www.giselagarciagleria.com.ar\/en\/wp-json\/wp\/v2\/product"}],"about":[{"href":"https:\/\/www.giselagarciagleria.com.ar\/en\/wp-json\/wp\/v2\/types\/product"}],"wp:featuredmedia":[{"embeddable":true,"href":"https:\/\/www.giselagarciagleria.com.ar\/en\/wp-json\/wp\/v2\/media\/11197"}],"wp:attachment":[{"href":"https:\/\/www.giselagarciagleria.com.ar\/en\/wp-json\/wp\/v2\/media?parent=11282"}],"wp:term":[{"taxonomy":"product_brand","embeddable":true,"href":"https:\/\/www.giselagarciagleria.com.ar\/en\/wp-json\/wp\/v2\/product_brand?post=11282"},{"taxonomy":"product_cat","embeddable":true,"href":"https:\/\/www.giselagarciagleria.com.ar\/en\/wp-json\/wp\/v2\/product_cat?post=11282"},{"taxonomy":"product_tag","embeddable":true,"href":"https:\/\/www.giselagarciagleria.com.ar\/en\/wp-json\/wp\/v2\/product_tag?post=11282"}],"curies":[{"name":"wp","href":"https:\/\/api.w.org\/{rel}","templated":true}]}}

<p>Estas láminas de obras originales de Gisela García Gleria son <strong>edición limitada</strong> y solo se venderán 15 ejemplares de cada diseño.<br />
El tamaño de impresión recomendado es A4 (21 x 29.7 cm)</p>
<p class="translation-block">Customized orders are made for any work from the artist's <strong><a href="https://www.giselagarciagleria.com.ar/en/catalogo-de-pinturas/" target="_blank" rel="noopener">CATALOG</a></strong>.</p>
<p>&nbsp;</p>
<hr />
<h3></h3>
<h3>Artwork Info</h3>
<p><a href="https://www.giselagarciagleria.com.ar/wp-content/uploads/2021/04/Springbank-brumoso.jpg"><img loading="lazy" decoding="async" class="alignnone size-medium wp-image-9116" src="https://www.giselagarciagleria.com.ar/wp-content/uploads/2021/04/Springbank-brumoso-239x300.jpg" alt="Springbank brumoso" width="239" height="300" /></a></p>
<p><em>Serie: Distilleries</em><br />
<em>Technique: Acrylic on canvas</em><br />
<em>Size: 50 x 60 cm</em><br />
<em>Year: 2021</em></p>
<p>Inspired by a photograph of the Springbank Distillery (photo N ° 2)</p>
<p class="translation-block">Trying to capture on canvas the atmosphere of such an amazing photo room, as suggested by Messrs. Whisky &amp; Co., with an eye always ready to find myself some interesting challenge.<br>
The Springbank Distillery was established in 1828 by the Mitchell family.<br>
It is the oldest independently owned distillery in Scotland, as it remains part of the same family today, five generations later.</p>

<p>Lámina descargable tamaño A4 con obra original de Gisela García Gleria.<br />
EDICIÓN LIMITADA</p>
