{"id":11286,"date":"2024-12-17T13:27:33","date_gmt":"2024-12-17T16:27:33","guid":{"rendered":"https:\/\/www.giselagarciagleria.com.ar\/?post_type=product&#038;p=11286"},"modified":"2026-03-29T19:08:33","modified_gmt":"2026-03-29T22:08:33","slug":"lamina-tarde-de-paz-en-caol-ila","status":"publish","type":"product","link":"https:\/\/www.giselagarciagleria.com.ar\/en\/product\/lamina-tarde-de-paz-en-caol-ila\/","title":{"rendered":"\u00abAfternoon of peace in Caol Ila\u00bb Art Print"},"content":{"rendered":"<p>Estas l\u00e1minas de obras originales de Gisela Garc\u00eda Gleria son <strong>edici\u00f3n limitada<\/strong> y solo se vender\u00e1n 15 ejemplares de cada dise\u00f1o.<br \/>\nEl tama\u00f1o de impresi\u00f3n recomendado es A4 (21 x 29.7 cm)<\/p>\n<p class=\"translation-block\">Customized orders are made for any work from the artist's <strong><a href=\"https:\/\/www.giselagarciagleria.com.ar\/en\/catalogo-de-pinturas\/\" target=\"_blank\" rel=\"noopener\">CATALOG<\/a><\/strong>.<\/p>\n<p>&nbsp;<\/p>\n<hr \/>\n<h3><\/h3>\n<h3>Artwork Info<\/h3>\n<p><a href=\"https:\/\/www.giselagarciagleria.com.ar\/wp-content\/uploads\/2022\/04\/Tarde-de-paz-en-Caol-Ila.jpg\"><img loading=\"lazy\" decoding=\"async\" class=\"alignnone size-medium wp-image-9507\" src=\"https:\/\/www.giselagarciagleria.com.ar\/wp-content\/uploads\/2022\/04\/Tarde-de-paz-en-Caol-Ila-234x300.jpg\" alt=\"Tarde de paz en Caol Ila\" width=\"234\" height=\"300\" \/><\/a><\/p>\n<p><em>Serie: Sea Spirit<\/em><br \/>\n<em>Technique: Acrylic on canvas<\/em><br \/>\n<em>Size: 40 x 50 cm<\/em><br \/>\n<em>Year: 2022<\/em><\/p>\n<p>Inspired by a photograph of Drams Scotland @dramsscotlandtours at @caolila<\/p>\n<p class=\"translation-block\">Sitting along the coast of Port Askaig, Caol Ila looks out over the Sound of Islay and Jura. It is relatively hidden, thanks to the steep descent to the distillery from the main road.<br>Caol Ila is derived from the Gaelic Caol \u00ccle for \"Sound of Islay\"<\/p>","protected":false},"excerpt":{"rendered":"<p>L\u00e1mina descargable tama\u00f1o A4 con obra original de Gisela Garc\u00eda Gleria<br \/>\nEDICI\u00d3N LIMITADA<\/p>","protected":false},"featured_media":11198,"template":"","meta":{"_et_pb_use_builder":"","_et_pb_old_content":"","_et_gb_content_width":""},"product_brand":[],"product_cat":[110],"product_tag":[],"class_list":{"0":"post-11286","1":"product","2":"type-product","3":"status-publish","4":"has-post-thumbnail","6":"product_cat-laminas","8":"first","9":"instock","10":"downloadable","11":"shipping-taxable","12":"purchasable","13":"product-type-simple"},"a3_pvc":{"activated":false,"total_views":8,"today_views":0},"_links":{"self":[{"href":"https:\/\/www.giselagarciagleria.com.ar\/en\/wp-json\/wp\/v2\/product\/11286","targetHints":{"allow":["GET"]}}],"collection":[{"href":"https:\/\/www.giselagarciagleria.com.ar\/en\/wp-json\/wp\/v2\/product"}],"about":[{"href":"https:\/\/www.giselagarciagleria.com.ar\/en\/wp-json\/wp\/v2\/types\/product"}],"wp:featuredmedia":[{"embeddable":true,"href":"https:\/\/www.giselagarciagleria.com.ar\/en\/wp-json\/wp\/v2\/media\/11198"}],"wp:attachment":[{"href":"https:\/\/www.giselagarciagleria.com.ar\/en\/wp-json\/wp\/v2\/media?parent=11286"}],"wp:term":[{"taxonomy":"product_brand","embeddable":true,"href":"https:\/\/www.giselagarciagleria.com.ar\/en\/wp-json\/wp\/v2\/product_brand?post=11286"},{"taxonomy":"product_cat","embeddable":true,"href":"https:\/\/www.giselagarciagleria.com.ar\/en\/wp-json\/wp\/v2\/product_cat?post=11286"},{"taxonomy":"product_tag","embeddable":true,"href":"https:\/\/www.giselagarciagleria.com.ar\/en\/wp-json\/wp\/v2\/product_tag?post=11286"}],"curies":[{"name":"wp","href":"https:\/\/api.w.org\/{rel}","templated":true}]}}

<p>Estas láminas de obras originales de Gisela García Gleria son <strong>edición limitada</strong> y solo se venderán 15 ejemplares de cada diseño.<br />
El tamaño de impresión recomendado es A4 (21 x 29.7 cm)</p>
<p class="translation-block">Customized orders are made for any work from the artist's <strong><a href="https://www.giselagarciagleria.com.ar/en/catalogo-de-pinturas/" target="_blank" rel="noopener">CATALOG</a></strong>.</p>
<p>&nbsp;</p>
<hr />
<h3></h3>
<h3>Artwork Info</h3>
<p><a href="https://www.giselagarciagleria.com.ar/wp-content/uploads/2022/04/Tarde-de-paz-en-Caol-Ila.jpg"><img loading="lazy" decoding="async" class="alignnone size-medium wp-image-9507" src="https://www.giselagarciagleria.com.ar/wp-content/uploads/2022/04/Tarde-de-paz-en-Caol-Ila-234x300.jpg" alt="Tarde de paz en Caol Ila" width="234" height="300" /></a></p>
<p><em>Serie: Sea Spirit</em><br />
<em>Technique: Acrylic on canvas</em><br />
<em>Size: 40 x 50 cm</em><br />
<em>Year: 2022</em></p>
<p>Inspired by a photograph of Drams Scotland @dramsscotlandtours at @caolila</p>
<p class="translation-block">Sitting along the coast of Port Askaig, Caol Ila looks out over the Sound of Islay and Jura. It is relatively hidden, thanks to the steep descent to the distillery from the main road.<br>Caol Ila is derived from the Gaelic Caol Ìle for "Sound of Islay"</p>

<p>Lámina descargable tamaño A4 con obra original de Gisela García Gleria<br />
EDICIÓN LIMITADA</p>
