{"id":10280,"date":"2023-06-29T14:01:50","date_gmt":"2023-06-29T17:01:50","guid":{"rendered":"https:\/\/www.giselagarciagleria.com.ar\/?post_type=project&#038;p=10280"},"modified":"2023-06-29T14:06:34","modified_gmt":"2023-06-29T17:06:34","slug":"la-fuerza-de-la-barrica-de-kavalan","status":"publish","type":"project","link":"https:\/\/www.giselagarciagleria.com.ar\/en\/project\/la-fuerza-de-la-barrica-de-kavalan\/","title":{"rendered":"Kavalan Cask Strength"},"content":{"rendered":"<p>[et_pb_section fb_built=\u00bb1&#8243; inner_shadow=\u00bbon\u00bb _builder_version=\u00bb4.16&#8243; custom_padding=\u00bb15px|0px|0|0px|false|false\u00bb box_shadow_style=\u00bbpreset6&#8243; global_colors_info=\u00bb{}\u00bb][et_pb_row _builder_version=\u00bb4.16&#8243; custom_padding=\u00bb0|0px|23px|0px|false|false\u00bb global_colors_info=\u00bb{}\u00bb][et_pb_column type=\u00bb4_4&#8243; _builder_version=\u00bb4.16&#8243; custom_padding=\u00bb|||\u00bb global_colors_info=\u00bb{}\u00bb custom_padding__hover=\u00bb|||\u00bb][et_pb_post_nav in_same_term=\u00bbon\u00bb prev_text=\u00bbANTERIOR\u00bb next_text=\u00bbSIGUIENTE\u00bb _builder_version=\u00bb4.16&#8243; title_font=\u00bb|600|||||||\u00bb title_font_size_tablet=\u00bb\u00bb title_font_size_phone=\u00bb12px\u00bb title_font_size_last_edited=\u00bbon|desktop\u00bb global_colors_info=\u00bb{}\u00bb][\/et_pb_post_nav][\/et_pb_column][\/et_pb_row][et_pb_row _builder_version=\u00bb4.16&#8243; custom_padding=\u00bb38.05px|0px|0|0px|false|false\u00bb global_colors_info=\u00bb{}\u00bb][et_pb_column type=\u00bb4_4&#8243; _builder_version=\u00bb4.16&#8243; custom_padding=\u00bb|||\u00bb global_colors_info=\u00bb{}\u00bb custom_padding__hover=\u00bb|||\u00bb][et_pb_post_title author=\u00bboff\u00bb date=\u00bboff\u00bb comments=\u00bboff\u00bb featured_image=\u00bboff\u00bb _builder_version=\u00bb4.16&#8243; title_font=\u00bb|600|||||||\u00bb title_text_color=\u00bb#a5457f\u00bb title_font_size=\u00bb30px\u00bb title_font_size_tablet=\u00bb24px\u00bb title_font_size_phone=\u00bb22px\u00bb title_font_size_last_edited=\u00bbon|phone\u00bb title_text_shadow_style=\u00bbpreset2&#8243; global_colors_info=\u00bb{}\u00bb][\/et_pb_post_title][\/et_pb_column][\/et_pb_row][et_pb_row column_structure=\u00bb1_2,1_2&#8243; _builder_version=\u00bb4.16&#8243; module_alignment=\u00bbcenter\u00bb custom_padding=\u00bb38.05px|0px|60px|0px|false|false\u00bb global_colors_info=\u00bb{}\u00bb][et_pb_column type=\u00bb1_2&#8243; _builder_version=\u00bb4.16&#8243; custom_padding=\u00bb|||\u00bb global_colors_info=\u00bb{}\u00bb custom_padding__hover=\u00bb|||\u00bb][et_pb_image src=\u00bbhttps:\/\/www.giselagarciagleria.com.ar\/wp-content\/uploads\/2023\/06\/La-fuerza-de-la-barrica-de-Kavalan.jpg\u00bb alt=\u00bbLa fuerza de la barrica de Kavalan\u00bb title_text=\u00bbLa fuerza de la barrica de Kavalan\u00bb _builder_version=\u00bb4.21.0&#8243; _module_preset=\u00bbdefault\u00bb hover_enabled=\u00bb0&#8243; box_shadow_style=\u00bbpreset3&#8243; box_shadow_blur=\u00bb8px\u00bb global_colors_info=\u00bb{}\u00bb sticky_enabled=\u00bb0&#8243;][\/et_pb_image][\/et_pb_column][et_pb_column type=\u00bb1_2&#8243; _builder_version=\u00bb4.16&#8243; custom_padding=\u00bb|||\u00bb global_colors_info=\u00bb{}\u00bb custom_padding__hover=\u00bb|||\u00bb][et_pb_text _builder_version=\u00bb4.21.0&#8243; text_font=\u00bb||||||||\u00bb text_text_color=\u00bb#000000&#8243; text_font_size=\u00bb16px\u00bb header_font=\u00bb||||||||\u00bb header_text_color=\u00bb#0c71c3&#8243; header_3_font=\u00bb||||||||\u00bb header_3_text_color=\u00bb#236193&#8243; header_5_font=\u00bb||||||||\u00bb header_5_text_color=\u00bb#236193&#8243; custom_margin=\u00bb||30px\u00bb hover_enabled=\u00bb0&#8243; text_font_size_tablet=\u00bb16px\u00bb text_font_size_phone=\u00bb14px\u00bb text_font_size_last_edited=\u00bbon|phone\u00bb text_line_height_tablet=\u00bb\u00bb text_line_height_phone=\u00bb1.8em\u00bb text_line_height_last_edited=\u00bbon|phone\u00bb header_3_font_size_tablet=\u00bb20px\u00bb header_3_font_size_phone=\u00bb\u00bb header_3_font_size_last_edited=\u00bbon|phone\u00bb header_5_font_size_tablet=\u00bb\u00bb header_5_font_size_phone=\u00bb12px\u00bb header_5_font_size_last_edited=\u00bbon|phone\u00bb header_5_line_height_tablet=\u00bb\u00bb header_5_line_height_phone=\u00bb\u00bb header_5_line_height_last_edited=\u00bbon|phone\u00bb global_colors_info=\u00bb{}\u00bb sticky_enabled=\u00bb0&#8243;]<\/p>\n<h5>Serie: Mundo del Whisky<\/h5>\n<h5>T\u00e9cnica: Acr\u00edlico sobre tela<\/h5>\n<h5>Medidas: 40 x 40 cm<\/h5>\n<h5>A\u00f1o: 2023<\/h5>\n<p>&nbsp;<\/p>\n<p><em>Inspirado en una fotograf\u00eda de Destiler\u00eda Kavalan y basado en una idea de Miguel \u00c1ngel Reigosa.<\/em><\/p>\n<p>La serie Soloist es el rango de fuerza de un solo barril, donde el whisky se extrae del barril en su m\u00e1xima calidad sin diluci\u00f3n, lo que muestra el car\u00e1cter \u00fanico y original del l\u00edquido.<br \/>Cada uno de los dos almacenes de maduraci\u00f3n de la destiler\u00eda Kavalan tiene 5 plantas de altura. <br \/>Como Taiw\u00e1n el c\u00e1lido, los licores extraen el sabor del roble a un ritmo m\u00e1s r\u00e1pido. Incluso a una edad temprana, el whisky Kavalan es m\u00e1s maduro que otros de una edad similar.<\/p>\n<p>&nbsp;<\/p>\n<p>&nbsp;<\/p>\n<p>[\/et_pb_text][et_pb_text _builder_version=\u00bb4.16&#8243; text_font=\u00bb||||||||\u00bb text_text_color=\u00bb#9b9b9b\u00bb custom_margin=\u00bb50px||\u00bb custom_margin_tablet=\u00bb30px||\u00bb custom_margin_phone=\u00bb\u00bb custom_margin_last_edited=\u00bbon|phone\u00bb link_option_url=\u00bbhttps:\/\/www.giselagarciagleria.com.ar\/mundo-del-whisky\/\u00bb locked=\u00bboff\u00bb global_colors_info=\u00bb{}\u00bb text_text_color__hover_enabled=\u00bbon\u00bb text_text_color__hover=\u00bb#e09900&#8243;]<\/p>\n<p><strong>&lt; Volver al CAT\u00c1LOGO<\/strong><\/p>\n<p>[\/et_pb_text][\/et_pb_column][\/et_pb_row][et_pb_row _builder_version=\u00bb4.16&#8243; custom_padding=\u00bb0|0px|23px|0px|false|false\u00bb global_colors_info=\u00bb{}\u00bb][et_pb_column type=\u00bb4_4&#8243; _builder_version=\u00bb4.16&#8243; custom_padding=\u00bb|||\u00bb global_colors_info=\u00bb{}\u00bb custom_padding__hover=\u00bb|||\u00bb][et_pb_post_nav in_same_term=\u00bbon\u00bb prev_text=\u00bbANTERIOR\u00bb next_text=\u00bbSIGUIENTE\u00bb _builder_version=\u00bb4.16&#8243; title_font=\u00bb|600|||||||\u00bb title_font_size_tablet=\u00bb\u00bb title_font_size_phone=\u00bb12px\u00bb title_font_size_last_edited=\u00bbon|desktop\u00bb global_colors_info=\u00bb{}\u00bb][\/et_pb_post_nav][\/et_pb_column][\/et_pb_row][\/et_pb_section]<\/p>\n","protected":false},"excerpt":{"rendered":"<p>Serie: Mundo del Whisky T\u00e9cnica: Acr\u00edlico sobre tela Medidas: 40 x 40 cm A\u00f1o: 2023 &nbsp; Inspirado en una fotograf\u00eda de Destiler\u00eda Kavalan y basado en una idea de Miguel \u00c1ngel Reigosa. La serie Soloist es el rango de fuerza de un solo barril, donde el whisky se extrae del barril en su m\u00e1xima calidad [&hellip;]<\/p>\n","protected":false},"author":1,"featured_media":10281,"template":"","meta":{"_et_pb_use_builder":"on","_et_pb_old_content":"","_et_gb_content_width":"","footnotes":""},"project_category":[76],"project_tag":[],"class_list":["post-10280","project","type-project","status-publish","has-post-thumbnail","hentry","project_category-mundo-del-whisky"],"a3_pvc":{"activated":false,"total_views":1,"today_views":0},"_links":{"self":[{"href":"https:\/\/www.giselagarciagleria.com.ar\/en\/wp-json\/wp\/v2\/project\/10280","targetHints":{"allow":["GET"]}}],"collection":[{"href":"https:\/\/www.giselagarciagleria.com.ar\/en\/wp-json\/wp\/v2\/project"}],"about":[{"href":"https:\/\/www.giselagarciagleria.com.ar\/en\/wp-json\/wp\/v2\/types\/project"}],"author":[{"embeddable":true,"href":"https:\/\/www.giselagarciagleria.com.ar\/en\/wp-json\/wp\/v2\/users\/1"}],"version-history":[{"count":0,"href":"https:\/\/www.giselagarciagleria.com.ar\/en\/wp-json\/wp\/v2\/project\/10280\/revisions"}],"wp:featuredmedia":[{"embeddable":true,"href":"https:\/\/www.giselagarciagleria.com.ar\/en\/wp-json\/wp\/v2\/media\/10281"}],"wp:attachment":[{"href":"https:\/\/www.giselagarciagleria.com.ar\/en\/wp-json\/wp\/v2\/media?parent=10280"}],"wp:term":[{"taxonomy":"project_category","embeddable":true,"href":"https:\/\/www.giselagarciagleria.com.ar\/en\/wp-json\/wp\/v2\/project_category?post=10280"},{"taxonomy":"project_tag","embeddable":true,"href":"https:\/\/www.giselagarciagleria.com.ar\/en\/wp-json\/wp\/v2\/project_tag?post=10280"}],"curies":[{"name":"wp","href":"https:\/\/api.w.org\/{rel}","templated":true}]}}

<p>[et_pb_section fb_built=»1&#8243; inner_shadow=»on» _builder_version=»4.16&#8243; custom_padding=»15px|0px|0|0px|false|false» box_shadow_style=»preset6&#8243; global_colors_info=»{}»][et_pb_row _builder_version=»4.16&#8243; custom_padding=»0|0px|23px|0px|false|false» global_colors_info=»{}»][et_pb_column type=»4_4&#8243; _builder_version=»4.16&#8243; custom_padding=»|||» global_colors_info=»{}» custom_padding__hover=»|||»][et_pb_post_nav in_same_term=»on» prev_text=»ANTERIOR» next_text=»SIGUIENTE» _builder_version=»4.16&#8243; title_font=»|600|||||||» title_font_size_tablet=»» title_font_size_phone=»12px» title_font_size_last_edited=»on|desktop» global_colors_info=»{}»][/et_pb_post_nav][/et_pb_column][/et_pb_row][et_pb_row _builder_version=»4.16&#8243; custom_padding=»38.05px|0px|0|0px|false|false» global_colors_info=»{}»][et_pb_column type=»4_4&#8243; _builder_version=»4.16&#8243; custom_padding=»|||» global_colors_info=»{}» custom_padding__hover=»|||»][et_pb_post_title author=»off» date=»off» comments=»off» featured_image=»off» _builder_version=»4.16&#8243; title_font=»|600|||||||» title_text_color=»#a5457f» title_font_size=»30px» title_font_size_tablet=»24px» title_font_size_phone=»22px» title_font_size_last_edited=»on|phone» title_text_shadow_style=»preset2&#8243; global_colors_info=»{}»][/et_pb_post_title][/et_pb_column][/et_pb_row][et_pb_row column_structure=»1_2,1_2&#8243; _builder_version=»4.16&#8243; module_alignment=»center» custom_padding=»38.05px|0px|60px|0px|false|false» global_colors_info=»{}»][et_pb_column type=»1_2&#8243; _builder_version=»4.16&#8243; custom_padding=»|||» global_colors_info=»{}» custom_padding__hover=»|||»][et_pb_image src=»https://www.giselagarciagleria.com.ar/wp-content/uploads/2023/06/La-fuerza-de-la-barrica-de-Kavalan.jpg» alt=»La fuerza de la barrica de Kavalan» title_text=»La fuerza de la barrica de Kavalan» _builder_version=»4.21.0&#8243; _module_preset=»default» hover_enabled=»0&#8243; box_shadow_style=»preset3&#8243; box_shadow_blur=»8px» global_colors_info=»{}» sticky_enabled=»0&#8243;][/et_pb_image][/et_pb_column][et_pb_column type=»1_2&#8243; _builder_version=»4.16&#8243; custom_padding=»|||» global_colors_info=»{}» custom_padding__hover=»|||»][et_pb_text _builder_version=»4.21.0&#8243; text_font=»||||||||» text_text_color=»#000000&#8243; text_font_size=»16px» header_font=»||||||||» header_text_color=»#0c71c3&#8243; header_3_font=»||||||||» header_3_text_color=»#236193&#8243; header_5_font=»||||||||» header_5_text_color=»#236193&#8243; custom_margin=»||30px» hover_enabled=»0&#8243; text_font_size_tablet=»16px» text_font_size_phone=»14px» text_font_size_last_edited=»on|phone» text_line_height_tablet=»» text_line_height_phone=»1.8em» text_line_height_last_edited=»on|phone» header_3_font_size_tablet=»20px» header_3_font_size_phone=»» header_3_font_size_last_edited=»on|phone» header_5_font_size_tablet=»» header_5_font_size_phone=»12px» header_5_font_size_last_edited=»on|phone» header_5_line_height_tablet=»» header_5_line_height_phone=»» header_5_line_height_last_edited=»on|phone» global_colors_info=»{}» sticky_enabled=»0&#8243;]</p>
<h5>Serie: Mundo del Whisky</h5>
<h5>Técnica: Acrílico sobre tela</h5>
<h5>Medidas: 40 x 40 cm</h5>
<h5>Año: 2023</h5>
<p>&nbsp;</p>
<p><em>Inspirado en una fotografía de Destilería Kavalan y basado en una idea de Miguel Ángel Reigosa.</em></p>
<p>La serie Soloist es el rango de fuerza de un solo barril, donde el whisky se extrae del barril en su máxima calidad sin dilución, lo que muestra el carácter único y original del líquido.<br />Cada uno de los dos almacenes de maduración de la destilería Kavalan tiene 5 plantas de altura. <br />Como Taiwán el cálido, los licores extraen el sabor del roble a un ritmo más rápido. Incluso a una edad temprana, el whisky Kavalan es más maduro que otros de una edad similar.</p>
<p>&nbsp;</p>
<p>&nbsp;</p>
<p>[/et_pb_text][et_pb_text _builder_version=»4.16&#8243; text_font=»||||||||» text_text_color=»#9b9b9b» custom_margin=»50px||» custom_margin_tablet=»30px||» custom_margin_phone=»» custom_margin_last_edited=»on|phone» link_option_url=»https://www.giselagarciagleria.com.ar/mundo-del-whisky/» locked=»off» global_colors_info=»{}» text_text_color__hover_enabled=»on» text_text_color__hover=»#e09900&#8243;]</p>
<p><strong>&lt; Volver al CATÁLOGO</strong></p>
<p>[/et_pb_text][/et_pb_column][/et_pb_row][et_pb_row _builder_version=»4.16&#8243; custom_padding=»0|0px|23px|0px|false|false» global_colors_info=»{}»][et_pb_column type=»4_4&#8243; _builder_version=»4.16&#8243; custom_padding=»|||» global_colors_info=»{}» custom_padding__hover=»|||»][et_pb_post_nav in_same_term=»on» prev_text=»ANTERIOR» next_text=»SIGUIENTE» _builder_version=»4.16&#8243; title_font=»|600|||||||» title_font_size_tablet=»» title_font_size_phone=»12px» title_font_size_last_edited=»on|desktop» global_colors_info=»{}»][/et_pb_post_nav][/et_pb_column][/et_pb_row][/et_pb_section]</p>

<p>Serie: Mundo del Whisky Técnica: Acrílico sobre tela Medidas: 40 x 40 cm Año: 2023 &nbsp; Inspirado en una fotografía de Destilería Kavalan y basado en una idea de Miguel Ángel Reigosa. La serie Soloist es el rango de fuerza de un solo barril, donde el whisky se extrae del barril en su máxima calidad [&hellip;]</p>
