{"id":11412,"date":"2025-02-13T10:40:43","date_gmt":"2025-02-13T13:40:43","guid":{"rendered":"https:\/\/www.giselagarciagleria.com.ar\/?post_type=project&#038;p=11412"},"modified":"2025-02-13T10:44:15","modified_gmt":"2025-02-13T13:44:15","slug":"anejando-glen-moray","status":"publish","type":"project","link":"https:\/\/www.giselagarciagleria.com.ar\/en\/project\/anejando-glen-moray\/","title":{"rendered":"Aging Glen Moray"},"content":{"rendered":"<p>[et_pb_section fb_built=\u00bb1&#8243; inner_shadow=\u00bbon\u00bb _builder_version=\u00bb4.16&#8243; custom_padding=\u00bb15px|0px|0|0px|false|false\u00bb box_shadow_style=\u00bbpreset6&#8243; global_colors_info=\u00bb{}\u00bb][et_pb_row _builder_version=\u00bb4.16&#8243; custom_padding=\u00bb0|0px|23px|0px|false|false\u00bb global_colors_info=\u00bb{}\u00bb][et_pb_column type=\u00bb4_4&#8243; _builder_version=\u00bb4.16&#8243; custom_padding=\u00bb|||\u00bb global_colors_info=\u00bb{}\u00bb custom_padding__hover=\u00bb|||\u00bb][et_pb_post_nav in_same_term=\u00bbon\u00bb prev_text=\u00bbANTERIOR\u00bb next_text=\u00bbSIGUIENTE\u00bb _builder_version=\u00bb4.16&#8243; title_font=\u00bb|600|||||||\u00bb title_font_size_tablet=\u00bb\u00bb title_font_size_phone=\u00bb12px\u00bb title_font_size_last_edited=\u00bbon|desktop\u00bb global_colors_info=\u00bb{}\u00bb][\/et_pb_post_nav][\/et_pb_column][\/et_pb_row][et_pb_row _builder_version=\u00bb4.16&#8243; custom_padding=\u00bb38.05px|0px|0|0px|false|false\u00bb global_colors_info=\u00bb{}\u00bb][et_pb_column type=\u00bb4_4&#8243; _builder_version=\u00bb4.16&#8243; custom_padding=\u00bb|||\u00bb global_colors_info=\u00bb{}\u00bb custom_padding__hover=\u00bb|||\u00bb][et_pb_post_title meta=\u00bboff\u00bb featured_image=\u00bboff\u00bb _builder_version=\u00bb4.16&#8243; title_font=\u00bb|600|||||||\u00bb title_text_color=\u00bb#a5457f\u00bb title_font_size=\u00bb30px\u00bb title_font_size_tablet=\u00bb24px\u00bb title_font_size_phone=\u00bb22px\u00bb title_font_size_last_edited=\u00bbon|phone\u00bb title_text_shadow_style=\u00bbpreset2&#8243; global_colors_info=\u00bb{}\u00bb][\/et_pb_post_title][\/et_pb_column][\/et_pb_row][et_pb_row column_structure=\u00bb1_2,1_2&#8243; _builder_version=\u00bb4.16&#8243; custom_padding=\u00bb38.05px|0px|60px|0px|false|false\u00bb global_colors_info=\u00bb{}\u00bb][et_pb_column type=\u00bb1_2&#8243; _builder_version=\u00bb4.16&#8243; custom_padding=\u00bb|||\u00bb global_colors_info=\u00bb{}\u00bb custom_padding__hover=\u00bb|||\u00bb][et_pb_image src=\u00bbhttps:\/\/www.giselagarciagleria.com.ar\/wp-content\/uploads\/2025\/02\/Anejando-Glen-Moray.jpg\u00bb alt=\u00bbA\u00f1ejando Glen Moray\u00bb title_text=\u00bbA\u00f1ejando Glen Moray\u00bb align_tablet=\u00bbcenter\u00bb align_phone=\u00bb\u00bb align_last_edited=\u00bbon|desktop\u00bb _builder_version=\u00bb4.27.4&#8243; max_width=\u00bb80%\u00bb max_width_tablet=\u00bb\u00bb max_width_phone=\u00bb\u00bb max_width_last_edited=\u00bbon|desktop\u00bb module_alignment=\u00bbleft\u00bb hover_enabled=\u00bb0&#8243; box_shadow_style=\u00bbpreset3&#8243; box_shadow_vertical=\u00bb16px\u00bb box_shadow_blur=\u00bb8px\u00bb global_colors_info=\u00bb{}\u00bb sticky_enabled=\u00bb0&#8243;][\/et_pb_image][\/et_pb_column][et_pb_column type=\u00bb1_2&#8243; _builder_version=\u00bb4.16&#8243; custom_padding=\u00bb|||\u00bb global_colors_info=\u00bb{}\u00bb custom_padding__hover=\u00bb|||\u00bb][et_pb_text _builder_version=\u00bb4.27.4&#8243; text_font=\u00bb||||||||\u00bb text_text_color=\u00bb#000000&#8243; text_font_size=\u00bb16px\u00bb header_font=\u00bb||||||||\u00bb header_text_color=\u00bb#0c71c3&#8243; header_3_font=\u00bb||||||||\u00bb header_3_text_color=\u00bb#236193&#8243; header_5_font=\u00bb||||||||\u00bb header_5_text_color=\u00bb#236193&#8243; hover_enabled=\u00bb0&#8243; text_font_size_tablet=\u00bb16px\u00bb text_font_size_phone=\u00bb14px\u00bb text_font_size_last_edited=\u00bbon|desktop\u00bb text_line_height_tablet=\u00bb\u00bb text_line_height_phone=\u00bb1.4em\u00bb text_line_height_last_edited=\u00bbon|phone\u00bb header_3_font_size_tablet=\u00bb20px\u00bb header_3_font_size_phone=\u00bb\u00bb header_3_font_size_last_edited=\u00bbon|phone\u00bb header_5_font_size_tablet=\u00bb\u00bb header_5_font_size_phone=\u00bb12px\u00bb header_5_font_size_last_edited=\u00bbon|phone\u00bb header_5_line_height_tablet=\u00bb\u00bb header_5_line_height_phone=\u00bb\u00bb header_5_line_height_last_edited=\u00bbon|phone\u00bb global_colors_info=\u00bb{}\u00bb sticky_enabled=\u00bb0&#8243;]<\/p>\n<h5>Serie: Destiler\u00edas<\/h5>\n<h5>T\u00e9cnica: Acr\u00edlico sobre tela<\/h5>\n<h5>Medidas: 50 x 40 cm<\/h5>\n<h5>A\u00f1o: 2025<\/h5>\n<h4><\/h4>\n<p>[\/et_pb_text][et_pb_text _builder_version=\u00bb4.27.4&#8243; text_font=\u00bb||||||||\u00bb text_text_color=\u00bb#000000&#8243; text_font_size=\u00bb16px\u00bb header_font=\u00bb||||||||\u00bb header_text_color=\u00bb#0c71c3&#8243; header_3_font=\u00bb||||||||\u00bb header_3_text_color=\u00bb#236193&#8243; header_5_font=\u00bb||||||||\u00bb header_5_text_color=\u00bb#236193&#8243; custom_padding=\u00bb3px|||||\u00bb hover_enabled=\u00bb0&#8243; text_font_size_tablet=\u00bb16px\u00bb text_font_size_phone=\u00bb14px\u00bb text_font_size_last_edited=\u00bbon|desktop\u00bb text_line_height_tablet=\u00bb\u00bb text_line_height_phone=\u00bb1.4em\u00bb text_line_height_last_edited=\u00bbon|phone\u00bb header_3_font_size_tablet=\u00bb20px\u00bb header_3_font_size_phone=\u00bb\u00bb header_3_font_size_last_edited=\u00bbon|phone\u00bb header_5_font_size_tablet=\u00bb\u00bb header_5_font_size_phone=\u00bb12px\u00bb header_5_font_size_last_edited=\u00bbon|phone\u00bb header_5_line_height_tablet=\u00bb\u00bb header_5_line_height_phone=\u00bb\u00bb header_5_line_height_last_edited=\u00bbon|phone\u00bb global_colors_info=\u00bb{}\u00bb sticky_enabled=\u00bb0&#8243;]<\/p>\n<p><em>Inspirado en una fotograf\u00eda de Glen Moran<\/em><\/p>\n<p>Como experta en a\u00f1ejamiento, la destiler\u00eda Glen Moray ha estado explorando c\u00f3mo diferentes barricas pueden transformar su whisky de malta durante m\u00e1s de 120 a\u00f1os.<\/p>\n<p>Los registros muestran que el primer Glen Moray, destilado en 1897, se envejeci\u00f3 en una variedad inusualmente amplia de barricas.<\/p>\n<p>Hoy en d\u00eda, la destiler\u00eda todav\u00eda madura su whisky en una variedad de barricas, para aportar muchos sabores diferentes a su estilo cl\u00e1sico de Speyside.<\/p>\n<p>[\/et_pb_text][et_pb_text _builder_version=\u00bb4.16&#8243; text_font=\u00bb||||||||\u00bb text_text_color=\u00bb#9b9b9b\u00bb custom_margin=\u00bb50px||\u00bb custom_margin_tablet=\u00bb30px||\u00bb custom_margin_phone=\u00bb\u00bb custom_margin_last_edited=\u00bbon|phone\u00bb link_option_url=\u00bbhttps:\/\/www.giselagarciagleria.com.ar\/destilerias\u00bb locked=\u00bboff\u00bb global_colors_info=\u00bb{}\u00bb text_text_color__hover_enabled=\u00bbon\u00bb text_text_color__hover=\u00bb#e09900&#8243;]<strong>&lt; Volver al CAT\u00c1LOGO<\/strong>[\/et_pb_text][\/et_pb_column][\/et_pb_row][et_pb_row _builder_version=\u00bb4.16&#8243; custom_padding=\u00bb0|0px|23px|0px|false|false\u00bb locked=\u00bboff\u00bb global_colors_info=\u00bb{}\u00bb][et_pb_column type=\u00bb4_4&#8243; _builder_version=\u00bb4.16&#8243; custom_padding=\u00bb|||\u00bb global_colors_info=\u00bb{}\u00bb custom_padding__hover=\u00bb|||\u00bb][et_pb_post_nav in_same_term=\u00bbon\u00bb prev_text=\u00bbANTERIOR\u00bb next_text=\u00bbSIGUIENTE\u00bb _builder_version=\u00bb4.16&#8243; title_font=\u00bb|600|||||||\u00bb title_font_size_tablet=\u00bb\u00bb title_font_size_phone=\u00bb12px\u00bb title_font_size_last_edited=\u00bbon|desktop\u00bb global_colors_info=\u00bb{}\u00bb][\/et_pb_post_nav][\/et_pb_column][\/et_pb_row][\/et_pb_section]<\/p>\n","protected":false},"excerpt":{"rendered":"<p>Serie: Destiler\u00edas T\u00e9cnica: Acr\u00edlico sobre tela Medidas: 50 x 40 cm A\u00f1o: 2025 Inspirado en una fotograf\u00eda de Glen Moran Como experta en a\u00f1ejamiento, la destiler\u00eda Glen Moray ha estado explorando c\u00f3mo diferentes barricas pueden transformar su whisky de malta durante m\u00e1s de 120 a\u00f1os. Los registros muestran que el primer Glen Moray, destilado en [&hellip;]<\/p>\n","protected":false},"author":1,"featured_media":11413,"template":"","meta":{"_et_pb_use_builder":"on","_et_pb_old_content":"","_et_gb_content_width":"","footnotes":""},"project_category":[70],"project_tag":[],"class_list":["post-11412","project","type-project","status-publish","has-post-thumbnail","hentry","project_category-destilerias"],"a3_pvc":{"activated":false,"total_views":10,"today_views":0},"_links":{"self":[{"href":"https:\/\/www.giselagarciagleria.com.ar\/en\/wp-json\/wp\/v2\/project\/11412","targetHints":{"allow":["GET"]}}],"collection":[{"href":"https:\/\/www.giselagarciagleria.com.ar\/en\/wp-json\/wp\/v2\/project"}],"about":[{"href":"https:\/\/www.giselagarciagleria.com.ar\/en\/wp-json\/wp\/v2\/types\/project"}],"author":[{"embeddable":true,"href":"https:\/\/www.giselagarciagleria.com.ar\/en\/wp-json\/wp\/v2\/users\/1"}],"version-history":[{"count":0,"href":"https:\/\/www.giselagarciagleria.com.ar\/en\/wp-json\/wp\/v2\/project\/11412\/revisions"}],"wp:featuredmedia":[{"embeddable":true,"href":"https:\/\/www.giselagarciagleria.com.ar\/en\/wp-json\/wp\/v2\/media\/11413"}],"wp:attachment":[{"href":"https:\/\/www.giselagarciagleria.com.ar\/en\/wp-json\/wp\/v2\/media?parent=11412"}],"wp:term":[{"taxonomy":"project_category","embeddable":true,"href":"https:\/\/www.giselagarciagleria.com.ar\/en\/wp-json\/wp\/v2\/project_category?post=11412"},{"taxonomy":"project_tag","embeddable":true,"href":"https:\/\/www.giselagarciagleria.com.ar\/en\/wp-json\/wp\/v2\/project_tag?post=11412"}],"curies":[{"name":"wp","href":"https:\/\/api.w.org\/{rel}","templated":true}]}}

<p>[et_pb_section fb_built=»1&#8243; inner_shadow=»on» _builder_version=»4.16&#8243; custom_padding=»15px|0px|0|0px|false|false» box_shadow_style=»preset6&#8243; global_colors_info=»{}»][et_pb_row _builder_version=»4.16&#8243; custom_padding=»0|0px|23px|0px|false|false» global_colors_info=»{}»][et_pb_column type=»4_4&#8243; _builder_version=»4.16&#8243; custom_padding=»|||» global_colors_info=»{}» custom_padding__hover=»|||»][et_pb_post_nav in_same_term=»on» prev_text=»ANTERIOR» next_text=»SIGUIENTE» _builder_version=»4.16&#8243; title_font=»|600|||||||» title_font_size_tablet=»» title_font_size_phone=»12px» title_font_size_last_edited=»on|desktop» global_colors_info=»{}»][/et_pb_post_nav][/et_pb_column][/et_pb_row][et_pb_row _builder_version=»4.16&#8243; custom_padding=»38.05px|0px|0|0px|false|false» global_colors_info=»{}»][et_pb_column type=»4_4&#8243; _builder_version=»4.16&#8243; custom_padding=»|||» global_colors_info=»{}» custom_padding__hover=»|||»][et_pb_post_title meta=»off» featured_image=»off» _builder_version=»4.16&#8243; title_font=»|600|||||||» title_text_color=»#a5457f» title_font_size=»30px» title_font_size_tablet=»24px» title_font_size_phone=»22px» title_font_size_last_edited=»on|phone» title_text_shadow_style=»preset2&#8243; global_colors_info=»{}»][/et_pb_post_title][/et_pb_column][/et_pb_row][et_pb_row column_structure=»1_2,1_2&#8243; _builder_version=»4.16&#8243; custom_padding=»38.05px|0px|60px|0px|false|false» global_colors_info=»{}»][et_pb_column type=»1_2&#8243; _builder_version=»4.16&#8243; custom_padding=»|||» global_colors_info=»{}» custom_padding__hover=»|||»][et_pb_image src=»https://www.giselagarciagleria.com.ar/wp-content/uploads/2025/02/Anejando-Glen-Moray.jpg» alt=»Añejando Glen Moray» title_text=»Añejando Glen Moray» align_tablet=»center» align_phone=»» align_last_edited=»on|desktop» _builder_version=»4.27.4&#8243; max_width=»80%» max_width_tablet=»» max_width_phone=»» max_width_last_edited=»on|desktop» module_alignment=»left» hover_enabled=»0&#8243; box_shadow_style=»preset3&#8243; box_shadow_vertical=»16px» box_shadow_blur=»8px» global_colors_info=»{}» sticky_enabled=»0&#8243;][/et_pb_image][/et_pb_column][et_pb_column type=»1_2&#8243; _builder_version=»4.16&#8243; custom_padding=»|||» global_colors_info=»{}» custom_padding__hover=»|||»][et_pb_text _builder_version=»4.27.4&#8243; text_font=»||||||||» text_text_color=»#000000&#8243; text_font_size=»16px» header_font=»||||||||» header_text_color=»#0c71c3&#8243; header_3_font=»||||||||» header_3_text_color=»#236193&#8243; header_5_font=»||||||||» header_5_text_color=»#236193&#8243; hover_enabled=»0&#8243; text_font_size_tablet=»16px» text_font_size_phone=»14px» text_font_size_last_edited=»on|desktop» text_line_height_tablet=»» text_line_height_phone=»1.4em» text_line_height_last_edited=»on|phone» header_3_font_size_tablet=»20px» header_3_font_size_phone=»» header_3_font_size_last_edited=»on|phone» header_5_font_size_tablet=»» header_5_font_size_phone=»12px» header_5_font_size_last_edited=»on|phone» header_5_line_height_tablet=»» header_5_line_height_phone=»» header_5_line_height_last_edited=»on|phone» global_colors_info=»{}» sticky_enabled=»0&#8243;]</p>
<h5>Serie: Destilerías</h5>
<h5>Técnica: Acrílico sobre tela</h5>
<h5>Medidas: 50 x 40 cm</h5>
<h5>Año: 2025</h5>
<h4></h4>
<p>[/et_pb_text][et_pb_text _builder_version=»4.27.4&#8243; text_font=»||||||||» text_text_color=»#000000&#8243; text_font_size=»16px» header_font=»||||||||» header_text_color=»#0c71c3&#8243; header_3_font=»||||||||» header_3_text_color=»#236193&#8243; header_5_font=»||||||||» header_5_text_color=»#236193&#8243; custom_padding=»3px|||||» hover_enabled=»0&#8243; text_font_size_tablet=»16px» text_font_size_phone=»14px» text_font_size_last_edited=»on|desktop» text_line_height_tablet=»» text_line_height_phone=»1.4em» text_line_height_last_edited=»on|phone» header_3_font_size_tablet=»20px» header_3_font_size_phone=»» header_3_font_size_last_edited=»on|phone» header_5_font_size_tablet=»» header_5_font_size_phone=»12px» header_5_font_size_last_edited=»on|phone» header_5_line_height_tablet=»» header_5_line_height_phone=»» header_5_line_height_last_edited=»on|phone» global_colors_info=»{}» sticky_enabled=»0&#8243;]</p>
<p><em>Inspirado en una fotografía de Glen Moran</em></p>
<p>Como experta en añejamiento, la destilería Glen Moray ha estado explorando cómo diferentes barricas pueden transformar su whisky de malta durante más de 120 años.</p>
<p>Los registros muestran que el primer Glen Moray, destilado en 1897, se envejeció en una variedad inusualmente amplia de barricas.</p>
<p>Hoy en día, la destilería todavía madura su whisky en una variedad de barricas, para aportar muchos sabores diferentes a su estilo clásico de Speyside.</p>
<p>[/et_pb_text][et_pb_text _builder_version=»4.16&#8243; text_font=»||||||||» text_text_color=»#9b9b9b» custom_margin=»50px||» custom_margin_tablet=»30px||» custom_margin_phone=»» custom_margin_last_edited=»on|phone» link_option_url=»https://www.giselagarciagleria.com.ar/destilerias» locked=»off» global_colors_info=»{}» text_text_color__hover_enabled=»on» text_text_color__hover=»#e09900&#8243;]<strong>&lt; Volver al CATÁLOGO</strong>[/et_pb_text][/et_pb_column][/et_pb_row][et_pb_row _builder_version=»4.16&#8243; custom_padding=»0|0px|23px|0px|false|false» locked=»off» global_colors_info=»{}»][et_pb_column type=»4_4&#8243; _builder_version=»4.16&#8243; custom_padding=»|||» global_colors_info=»{}» custom_padding__hover=»|||»][et_pb_post_nav in_same_term=»on» prev_text=»ANTERIOR» next_text=»SIGUIENTE» _builder_version=»4.16&#8243; title_font=»|600|||||||» title_font_size_tablet=»» title_font_size_phone=»12px» title_font_size_last_edited=»on|desktop» global_colors_info=»{}»][/et_pb_post_nav][/et_pb_column][/et_pb_row][/et_pb_section]</p>

<p>Serie: Destilerías Técnica: Acrílico sobre tela Medidas: 50 x 40 cm Año: 2025 Inspirado en una fotografía de Glen Moran Como experta en añejamiento, la destilería Glen Moray ha estado explorando cómo diferentes barricas pueden transformar su whisky de malta durante más de 120 años. Los registros muestran que el primer Glen Moray, destilado en [&hellip;]</p>
