{"id":12003,"date":"2025-07-12T20:45:21","date_gmt":"2025-07-12T23:45:21","guid":{"rendered":"https:\/\/www.giselagarciagleria.com.ar\/?post_type=project&#038;p=12003"},"modified":"2025-07-12T20:55:49","modified_gmt":"2025-07-12T23:55:49","slug":"kairos","status":"publish","type":"project","link":"https:\/\/www.giselagarciagleria.com.ar\/en\/project\/kairos\/","title":{"rendered":"Kair\u00f3s"},"content":{"rendered":"<p>[et_pb_section fb_built=\u00bb1&#8243; inner_shadow=\u00bbon\u00bb _builder_version=\u00bb4.16&#8243; custom_padding=\u00bb15px|0px|0|0px|false|false\u00bb box_shadow_style=\u00bbpreset6&#8243; global_colors_info=\u00bb{}\u00bb][et_pb_row _builder_version=\u00bb4.16&#8243; custom_padding=\u00bb0|0px|23px|0px|false|false\u00bb global_colors_info=\u00bb{}\u00bb][et_pb_column type=\u00bb4_4&#8243; _builder_version=\u00bb4.16&#8243; custom_padding=\u00bb|||\u00bb global_colors_info=\u00bb{}\u00bb custom_padding__hover=\u00bb|||\u00bb][et_pb_post_nav in_same_term=\u00bbon\u00bb prev_text=\u00bbANTERIOR\u00bb next_text=\u00bbSIGUIENTE\u00bb _builder_version=\u00bb4.16&#8243; title_font=\u00bb|600|||||||\u00bb title_font_size_tablet=\u00bb\u00bb title_font_size_phone=\u00bb12px\u00bb title_font_size_last_edited=\u00bbon|desktop\u00bb global_colors_info=\u00bb{}\u00bb][\/et_pb_post_nav][\/et_pb_column][\/et_pb_row][et_pb_row _builder_version=\u00bb4.16&#8243; custom_padding=\u00bb38.05px|0px|0|0px|false|false\u00bb global_colors_info=\u00bb{}\u00bb][et_pb_column type=\u00bb4_4&#8243; _builder_version=\u00bb4.16&#8243; custom_padding=\u00bb|||\u00bb global_colors_info=\u00bb{}\u00bb custom_padding__hover=\u00bb|||\u00bb][et_pb_post_title meta=\u00bboff\u00bb featured_image=\u00bboff\u00bb _builder_version=\u00bb4.16&#8243; title_font=\u00bb|600|||||||\u00bb title_text_color=\u00bb#a5457f\u00bb title_font_size=\u00bb30px\u00bb title_font_size_tablet=\u00bb24px\u00bb title_font_size_phone=\u00bb22px\u00bb title_font_size_last_edited=\u00bbon|phone\u00bb title_text_shadow_style=\u00bbpreset2&#8243; global_colors_info=\u00bb{}\u00bb][\/et_pb_post_title][\/et_pb_column][\/et_pb_row][et_pb_row column_structure=\u00bb1_2,1_2&#8243; _builder_version=\u00bb4.16&#8243; custom_padding=\u00bb38.05px|0px|60px|0px|false|false\u00bb global_colors_info=\u00bb{}\u00bb][et_pb_column type=\u00bb1_2&#8243; _builder_version=\u00bb4.16&#8243; custom_padding=\u00bb|||\u00bb global_colors_info=\u00bb{}\u00bb custom_padding__hover=\u00bb|||\u00bb][et_pb_image src=\u00bb@ET-DC@eyJkeW5hbWljIjp0cnVlLCJjb250ZW50IjoicG9zdF9mZWF0dXJlZF9pbWFnZSIsInNldHRpbmdzIjp7fX0=@\u00bb alt=\u00bbDestiler\u00eda Glen Moray\u00bb title_text=\u00bbDestiler\u00eda Glen Moray\u00bb align_tablet=\u00bbcenter\u00bb align_phone=\u00bb\u00bb align_last_edited=\u00bbon|desktop\u00bb _builder_version=\u00bb4.27.4&#8243; _dynamic_attributes=\u00bbsrc\u00bb max_width=\u00bb80%\u00bb max_width_tablet=\u00bb\u00bb max_width_phone=\u00bb\u00bb max_width_last_edited=\u00bbon|desktop\u00bb module_alignment=\u00bbleft\u00bb box_shadow_style=\u00bbpreset3&#8243; box_shadow_vertical=\u00bb16px\u00bb box_shadow_blur=\u00bb8px\u00bb global_colors_info=\u00bb{}\u00bb][\/et_pb_image][\/et_pb_column][et_pb_column type=\u00bb1_2&#8243; _builder_version=\u00bb4.16&#8243; custom_padding=\u00bb|||\u00bb global_colors_info=\u00bb{}\u00bb custom_padding__hover=\u00bb|||\u00bb][et_pb_text _builder_version=\u00bb4.27.4&#8243; text_font=\u00bb||||||||\u00bb text_text_color=\u00bb#000000&#8243; text_font_size=\u00bb16px\u00bb header_font=\u00bb||||||||\u00bb header_text_color=\u00bb#0c71c3&#8243; header_3_font=\u00bb||||||||\u00bb header_3_text_color=\u00bb#236193&#8243; header_5_font=\u00bb||||||||\u00bb header_5_text_color=\u00bb#236193&#8243; hover_enabled=\u00bb0&#8243; text_font_size_tablet=\u00bb16px\u00bb text_font_size_phone=\u00bb14px\u00bb text_font_size_last_edited=\u00bbon|desktop\u00bb text_line_height_tablet=\u00bb\u00bb text_line_height_phone=\u00bb1.4em\u00bb text_line_height_last_edited=\u00bbon|phone\u00bb header_3_font_size_tablet=\u00bb20px\u00bb header_3_font_size_phone=\u00bb\u00bb header_3_font_size_last_edited=\u00bbon|phone\u00bb header_5_font_size_tablet=\u00bb\u00bb header_5_font_size_phone=\u00bb12px\u00bb header_5_font_size_last_edited=\u00bbon|phone\u00bb header_5_line_height_tablet=\u00bb\u00bb header_5_line_height_phone=\u00bb\u00bb header_5_line_height_last_edited=\u00bbon|phone\u00bb global_colors_info=\u00bb{}\u00bb sticky_enabled=\u00bb0&#8243;]<\/p>\n<h5>Serie: Fuera de series<\/h5>\n<h5>T\u00e9cnica: Acr\u00edlico sobre tela<\/h5>\n<h5>Medidas: 60 x 80 cm<\/h5>\n<h5>A\u00f1o: 2025<\/h5>\n<h4><\/h4>\n<p>[\/et_pb_text][et_pb_text _builder_version=\u00bb4.27.4&#8243; text_font=\u00bb||||||||\u00bb text_text_color=\u00bb#000000&#8243; text_font_size=\u00bb16px\u00bb header_font=\u00bb||||||||\u00bb header_text_color=\u00bb#0c71c3&#8243; header_3_font=\u00bb||||||||\u00bb header_3_text_color=\u00bb#236193&#8243; header_5_font=\u00bb||||||||\u00bb header_5_text_color=\u00bb#236193&#8243; custom_padding=\u00bb3px|||||\u00bb hover_enabled=\u00bb0&#8243; text_font_size_tablet=\u00bb16px\u00bb text_font_size_phone=\u00bb14px\u00bb text_font_size_last_edited=\u00bbon|desktop\u00bb text_line_height_tablet=\u00bb\u00bb text_line_height_phone=\u00bb1.4em\u00bb text_line_height_last_edited=\u00bbon|phone\u00bb header_3_font_size_tablet=\u00bb20px\u00bb header_3_font_size_phone=\u00bb\u00bb header_3_font_size_last_edited=\u00bbon|phone\u00bb header_5_font_size_tablet=\u00bb\u00bb header_5_font_size_phone=\u00bb12px\u00bb header_5_font_size_last_edited=\u00bbon|phone\u00bb header_5_line_height_tablet=\u00bb\u00bb header_5_line_height_phone=\u00bb\u00bb header_5_line_height_last_edited=\u00bbon|phone\u00bb global_colors_info=\u00bb{}\u00bb sticky_enabled=\u00bb0&#8243;]<\/p>\n<p>Llam\u00e9 a este cuadro Kair\u00f3s, como el hijo menor de Zeus, el heredero del tiempo porque encierra el sentido de este momento de mi vida. <br \/>En la composici\u00f3n del cuadro conjugo cuatro im\u00e1genes que considero parte de mi esencia: una guerrera espartana, que me identifica por las incontables y fuertes luchas de mi vida; un Ave F\u00e9nix, s\u00edmbolo de mis propios ciclos de <em>\u201cmuerte y renacimiento\u201d<\/em>; la luna, testigo de mi propia reinvenci\u00f3n y el cosmos, insondable infinitud que representa mi alma.<\/p>\n<p>Kair\u00f3s es el art\u00edfice del momento oportuno, de la experiencia del aqu\u00ed y ahora. Seg\u00fan el fil\u00f3sofo franc\u00e9s Gilles Deleuze es \u201cun momento-lugar \u00fanico e irrepetible que no es presente sino siempre est\u00e1 por llegar y siempre ya ha pasado, que nos sobrevuela\u201d. <br \/>Para el espa\u00f1ol Alejandro Corletti Estrada es <em>\u201cel tiempo de nuestros momentos trascendentes, de los hechos que marcan fuerte el camino personal de cada uno de nosotros, eso que algunos denominan destino y que en determinados momentos nos hizo tomar decisiones importantes\u201d.<\/em><\/p>\n<p>[\/et_pb_text][et_pb_text _builder_version=\u00bb4.27.4&#8243; text_font=\u00bb||||||||\u00bb text_text_color=\u00bb#9b9b9b\u00bb custom_margin=\u00bb50px||\u00bb custom_margin_tablet=\u00bb30px||\u00bb custom_margin_phone=\u00bb\u00bb custom_margin_last_edited=\u00bbon|phone\u00bb link_option_url=\u00bb@ET-DC@eyJkeW5hbWljIjp0cnVlLCJjb250ZW50IjoicG9zdF9saW5rX3VybF9wYWdlIiwic2V0dGluZ3MiOnsicG9zdF9pZCI6IjI1OTQifX0=@\u00bb hover_enabled=\u00bb0&#8243; locked=\u00bboff\u00bb global_colors_info=\u00bb{}\u00bb text_text_color__hover_enabled=\u00bbon\u00bb text_text_color__hover=\u00bb#e09900&#8243; _dynamic_attributes=\u00bblink_option_url\u00bb sticky_enabled=\u00bb0&#8243;]<\/p>\n<p><strong>&lt; Volver al CAT\u00c1LOGO<\/strong><\/p>\n<p>[\/et_pb_text][\/et_pb_column][\/et_pb_row][et_pb_row _builder_version=\u00bb4.27.4&#8243; _module_preset=\u00bbdefault\u00bb][et_pb_column _builder_version=\u00bb4.27.4&#8243; _module_preset=\u00bbdefault\u00bb type=\u00bb4_4&#8243;][deg_elastic_gallery _builder_version=\u00bb4.27.4&#8243; _module_preset=\u00bbdefault\u00bb gallery_ids=\u00bb12005,12010,12009,12008,12007,12006&#8243; hover_enabled=\u00bb0&#8243; sticky_enabled=\u00bb0&#8243; hover_icon=\u00bb&#x54;||divi||400&#8243; zoom_icon_color=\u00bb#A5457F\u00bb image_hover_animation=\u00bbscale-in-center\u00bb hover_overlay_color=\u00bbrgba(255,255,255,0.53)\u00bb gutter=\u00bb20&#8243;][\/deg_elastic_gallery][\/et_pb_column][\/et_pb_row][et_pb_row _builder_version=\u00bb4.16&#8243; custom_padding=\u00bb0|0px|23px|0px|false|false\u00bb locked=\u00bboff\u00bb global_colors_info=\u00bb{}\u00bb][et_pb_column type=\u00bb4_4&#8243; _builder_version=\u00bb4.16&#8243; custom_padding=\u00bb|||\u00bb global_colors_info=\u00bb{}\u00bb custom_padding__hover=\u00bb|||\u00bb][et_pb_post_nav in_same_term=\u00bbon\u00bb prev_text=\u00bbANTERIOR\u00bb next_text=\u00bbSIGUIENTE\u00bb _builder_version=\u00bb4.16&#8243; title_font=\u00bb|600|||||||\u00bb title_font_size_tablet=\u00bb\u00bb title_font_size_phone=\u00bb12px\u00bb title_font_size_last_edited=\u00bbon|desktop\u00bb global_colors_info=\u00bb{}\u00bb][\/et_pb_post_nav][\/et_pb_column][\/et_pb_row][\/et_pb_section]<\/p>\n","protected":false},"excerpt":{"rendered":"<p>Serie: Fuera de series T\u00e9cnica: Acr\u00edlico sobre tela Medidas: 60 x 80 cm A\u00f1o: 2025 Llam\u00e9 a este cuadro Kair\u00f3s, como el hijo menor de Zeus, el heredero del tiempo porque encierra el sentido de este momento de mi vida. En la composici\u00f3n del cuadro conjugo cuatro im\u00e1genes que considero parte de mi esencia: una [&hellip;]<\/p>\n","protected":false},"author":1,"featured_media":12004,"template":"","meta":{"_et_pb_use_builder":"on","_et_pb_old_content":"","_et_gb_content_width":"","footnotes":""},"project_category":[68],"project_tag":[],"class_list":["post-12003","project","type-project","status-publish","has-post-thumbnail","hentry","project_category-fuera-de-series"],"a3_pvc":{"activated":false,"total_views":14,"today_views":0},"_links":{"self":[{"href":"https:\/\/www.giselagarciagleria.com.ar\/en\/wp-json\/wp\/v2\/project\/12003","targetHints":{"allow":["GET"]}}],"collection":[{"href":"https:\/\/www.giselagarciagleria.com.ar\/en\/wp-json\/wp\/v2\/project"}],"about":[{"href":"https:\/\/www.giselagarciagleria.com.ar\/en\/wp-json\/wp\/v2\/types\/project"}],"author":[{"embeddable":true,"href":"https:\/\/www.giselagarciagleria.com.ar\/en\/wp-json\/wp\/v2\/users\/1"}],"version-history":[{"count":2,"href":"https:\/\/www.giselagarciagleria.com.ar\/en\/wp-json\/wp\/v2\/project\/12003\/revisions"}],"predecessor-version":[{"id":12013,"href":"https:\/\/www.giselagarciagleria.com.ar\/en\/wp-json\/wp\/v2\/project\/12003\/revisions\/12013"}],"wp:featuredmedia":[{"embeddable":true,"href":"https:\/\/www.giselagarciagleria.com.ar\/en\/wp-json\/wp\/v2\/media\/12004"}],"wp:attachment":[{"href":"https:\/\/www.giselagarciagleria.com.ar\/en\/wp-json\/wp\/v2\/media?parent=12003"}],"wp:term":[{"taxonomy":"project_category","embeddable":true,"href":"https:\/\/www.giselagarciagleria.com.ar\/en\/wp-json\/wp\/v2\/project_category?post=12003"},{"taxonomy":"project_tag","embeddable":true,"href":"https:\/\/www.giselagarciagleria.com.ar\/en\/wp-json\/wp\/v2\/project_tag?post=12003"}],"curies":[{"name":"wp","href":"https:\/\/api.w.org\/{rel}","templated":true}]}}

Kairós

<p>[et_pb_section fb_built=»1&#8243; inner_shadow=»on» _builder_version=»4.16&#8243; custom_padding=»15px|0px|0|0px|false|false» box_shadow_style=»preset6&#8243; global_colors_info=»{}»][et_pb_row _builder_version=»4.16&#8243; custom_padding=»0|0px|23px|0px|false|false» global_colors_info=»{}»][et_pb_column type=»4_4&#8243; _builder_version=»4.16&#8243; custom_padding=»|||» global_colors_info=»{}» custom_padding__hover=»|||»][et_pb_post_nav in_same_term=»on» prev_text=»ANTERIOR» next_text=»SIGUIENTE» _builder_version=»4.16&#8243; title_font=»|600|||||||» title_font_size_tablet=»» title_font_size_phone=»12px» title_font_size_last_edited=»on|desktop» global_colors_info=»{}»][/et_pb_post_nav][/et_pb_column][/et_pb_row][et_pb_row _builder_version=»4.16&#8243; custom_padding=»38.05px|0px|0|0px|false|false» global_colors_info=»{}»][et_pb_column type=»4_4&#8243; _builder_version=»4.16&#8243; custom_padding=»|||» global_colors_info=»{}» custom_padding__hover=»|||»][et_pb_post_title meta=»off» featured_image=»off» _builder_version=»4.16&#8243; title_font=»|600|||||||» title_text_color=»#a5457f» title_font_size=»30px» title_font_size_tablet=»24px» title_font_size_phone=»22px» title_font_size_last_edited=»on|phone» title_text_shadow_style=»preset2&#8243; global_colors_info=»{}»][/et_pb_post_title][/et_pb_column][/et_pb_row][et_pb_row column_structure=»1_2,1_2&#8243; _builder_version=»4.16&#8243; custom_padding=»38.05px|0px|60px|0px|false|false» global_colors_info=»{}»][et_pb_column type=»1_2&#8243; _builder_version=»4.16&#8243; custom_padding=»|||» global_colors_info=»{}» custom_padding__hover=»|||»][et_pb_image src=»@ET-DC@eyJkeW5hbWljIjp0cnVlLCJjb250ZW50IjoicG9zdF9mZWF0dXJlZF9pbWFnZSIsInNldHRpbmdzIjp7fX0=@» alt=»Destilería Glen Moray» title_text=»Destilería Glen Moray» align_tablet=»center» align_phone=»» align_last_edited=»on|desktop» _builder_version=»4.27.4&#8243; _dynamic_attributes=»src» max_width=»80%» max_width_tablet=»» max_width_phone=»» max_width_last_edited=»on|desktop» module_alignment=»left» box_shadow_style=»preset3&#8243; box_shadow_vertical=»16px» box_shadow_blur=»8px» global_colors_info=»{}»][/et_pb_image][/et_pb_column][et_pb_column type=»1_2&#8243; _builder_version=»4.16&#8243; custom_padding=»|||» global_colors_info=»{}» custom_padding__hover=»|||»][et_pb_text _builder_version=»4.27.4&#8243; text_font=»||||||||» text_text_color=»#000000&#8243; text_font_size=»16px» header_font=»||||||||» header_text_color=»#0c71c3&#8243; header_3_font=»||||||||» header_3_text_color=»#236193&#8243; header_5_font=»||||||||» header_5_text_color=»#236193&#8243; hover_enabled=»0&#8243; text_font_size_tablet=»16px» text_font_size_phone=»14px» text_font_size_last_edited=»on|desktop» text_line_height_tablet=»» text_line_height_phone=»1.4em» text_line_height_last_edited=»on|phone» header_3_font_size_tablet=»20px» header_3_font_size_phone=»» header_3_font_size_last_edited=»on|phone» header_5_font_size_tablet=»» header_5_font_size_phone=»12px» header_5_font_size_last_edited=»on|phone» header_5_line_height_tablet=»» header_5_line_height_phone=»» header_5_line_height_last_edited=»on|phone» global_colors_info=»{}» sticky_enabled=»0&#8243;]</p>
<h5>Serie: Fuera de series</h5>
<h5>Técnica: Acrílico sobre tela</h5>
<h5>Medidas: 60 x 80 cm</h5>
<h5>Año: 2025</h5>
<h4></h4>
<p>[/et_pb_text][et_pb_text _builder_version=»4.27.4&#8243; text_font=»||||||||» text_text_color=»#000000&#8243; text_font_size=»16px» header_font=»||||||||» header_text_color=»#0c71c3&#8243; header_3_font=»||||||||» header_3_text_color=»#236193&#8243; header_5_font=»||||||||» header_5_text_color=»#236193&#8243; custom_padding=»3px|||||» hover_enabled=»0&#8243; text_font_size_tablet=»16px» text_font_size_phone=»14px» text_font_size_last_edited=»on|desktop» text_line_height_tablet=»» text_line_height_phone=»1.4em» text_line_height_last_edited=»on|phone» header_3_font_size_tablet=»20px» header_3_font_size_phone=»» header_3_font_size_last_edited=»on|phone» header_5_font_size_tablet=»» header_5_font_size_phone=»12px» header_5_font_size_last_edited=»on|phone» header_5_line_height_tablet=»» header_5_line_height_phone=»» header_5_line_height_last_edited=»on|phone» global_colors_info=»{}» sticky_enabled=»0&#8243;]</p>
<p>Llamé a este cuadro Kairós, como el hijo menor de Zeus, el heredero del tiempo porque encierra el sentido de este momento de mi vida. <br />En la composición del cuadro conjugo cuatro imágenes que considero parte de mi esencia: una guerrera espartana, que me identifica por las incontables y fuertes luchas de mi vida; un Ave Fénix, símbolo de mis propios ciclos de <em>“muerte y renacimiento”</em>; la luna, testigo de mi propia reinvención y el cosmos, insondable infinitud que representa mi alma.</p>
<p>Kairós es el artífice del momento oportuno, de la experiencia del aquí y ahora. Según el filósofo francés Gilles Deleuze es “un momento-lugar único e irrepetible que no es presente sino siempre está por llegar y siempre ya ha pasado, que nos sobrevuela”. <br />Para el español Alejandro Corletti Estrada es <em>“el tiempo de nuestros momentos trascendentes, de los hechos que marcan fuerte el camino personal de cada uno de nosotros, eso que algunos denominan destino y que en determinados momentos nos hizo tomar decisiones importantes”.</em></p>
<p>[/et_pb_text][et_pb_text _builder_version=»4.27.4&#8243; text_font=»||||||||» text_text_color=»#9b9b9b» custom_margin=»50px||» custom_margin_tablet=»30px||» custom_margin_phone=»» custom_margin_last_edited=»on|phone» link_option_url=»@ET-DC@eyJkeW5hbWljIjp0cnVlLCJjb250ZW50IjoicG9zdF9saW5rX3VybF9wYWdlIiwic2V0dGluZ3MiOnsicG9zdF9pZCI6IjI1OTQifX0=@» hover_enabled=»0&#8243; locked=»off» global_colors_info=»{}» text_text_color__hover_enabled=»on» text_text_color__hover=»#e09900&#8243; _dynamic_attributes=»link_option_url» sticky_enabled=»0&#8243;]</p>
<p><strong>&lt; Volver al CATÁLOGO</strong></p>
<p>[/et_pb_text][/et_pb_column][/et_pb_row][et_pb_row _builder_version=»4.27.4&#8243; _module_preset=»default»][et_pb_column _builder_version=»4.27.4&#8243; _module_preset=»default» type=»4_4&#8243;][deg_elastic_gallery _builder_version=»4.27.4&#8243; _module_preset=»default» gallery_ids=»12005,12010,12009,12008,12007,12006&#8243; hover_enabled=»0&#8243; sticky_enabled=»0&#8243; hover_icon=»&#x54;||divi||400&#8243; zoom_icon_color=»#A5457F» image_hover_animation=»scale-in-center» hover_overlay_color=»rgba(255,255,255,0.53)» gutter=»20&#8243;][/deg_elastic_gallery][/et_pb_column][/et_pb_row][et_pb_row _builder_version=»4.16&#8243; custom_padding=»0|0px|23px|0px|false|false» locked=»off» global_colors_info=»{}»][et_pb_column type=»4_4&#8243; _builder_version=»4.16&#8243; custom_padding=»|||» global_colors_info=»{}» custom_padding__hover=»|||»][et_pb_post_nav in_same_term=»on» prev_text=»ANTERIOR» next_text=»SIGUIENTE» _builder_version=»4.16&#8243; title_font=»|600|||||||» title_font_size_tablet=»» title_font_size_phone=»12px» title_font_size_last_edited=»on|desktop» global_colors_info=»{}»][/et_pb_post_nav][/et_pb_column][/et_pb_row][/et_pb_section]</p>

<p>Serie: Fuera de series Técnica: Acrílico sobre tela Medidas: 60 x 80 cm Año: 2025 Llamé a este cuadro Kairós, como el hijo menor de Zeus, el heredero del tiempo porque encierra el sentido de este momento de mi vida. En la composición del cuadro conjugo cuatro imágenes que considero parte de mi esencia: una [&hellip;]</p>
