{"id":8435,"date":"2021-01-02T14:21:32","date_gmt":"2021-01-02T17:21:32","guid":{"rendered":"https:\/\/www.giselagarciagleria.com.ar\/?post_type=project&#038;p=8435"},"modified":"2021-01-04T15:16:05","modified_gmt":"2021-01-04T18:16:05","slug":"manana-en-la-bahia-de-lagavulin","status":"publish","type":"project","link":"https:\/\/www.giselagarciagleria.com.ar\/en\/project\/manana-en-la-bahia-de-lagavulin\/","title":{"rendered":"Lagavulin Bay Morning"},"content":{"rendered":"<p>[et_pb_section fb_built=\u00bb1&#8243; inner_shadow=\u00bbon\u00bb _builder_version=\u00bb3.22&#8243; custom_padding=\u00bb15px|0px|0|0px|false|false\u00bb box_shadow_style=\u00bbpreset6&#8243;][et_pb_row _builder_version=\u00bb3.25&#8243; custom_padding=\u00bb0|0px|23px|0px|false|false\u00bb][et_pb_column type=\u00bb4_4&#8243; _builder_version=\u00bb3.25&#8243; custom_padding=\u00bb|||\u00bb custom_padding__hover=\u00bb|||\u00bb][et_pb_post_nav in_same_term=\u00bbon\u00bb prev_text=\u00bbANTERIOR\u00bb next_text=\u00bbSIGUIENTE\u00bb _builder_version=\u00bb3.19.17&#8243; title_font=\u00bb|600|||||||\u00bb title_font_size_tablet=\u00bb\u00bb title_font_size_phone=\u00bb12px\u00bb title_font_size_last_edited=\u00bbon|desktop\u00bb][\/et_pb_post_nav][\/et_pb_column][\/et_pb_row][et_pb_row _builder_version=\u00bb3.25&#8243; custom_padding=\u00bb38.05px|0px|0|0px|false|false\u00bb][et_pb_column type=\u00bb4_4&#8243; _builder_version=\u00bb3.25&#8243; custom_padding=\u00bb|||\u00bb custom_padding__hover=\u00bb|||\u00bb][et_pb_post_title author=\u00bboff\u00bb date=\u00bboff\u00bb comments=\u00bboff\u00bb featured_image=\u00bboff\u00bb _builder_version=\u00bb3.19.17&#8243; title_font=\u00bb|600|||||||\u00bb title_text_color=\u00bb#a5457f\u00bb title_font_size=\u00bb30px\u00bb title_font_size_tablet=\u00bb24px\u00bb title_font_size_phone=\u00bb22px\u00bb title_font_size_last_edited=\u00bbon|phone\u00bb title_text_shadow_style=\u00bbpreset2&#8243;][\/et_pb_post_title][\/et_pb_column][\/et_pb_row][et_pb_row column_structure=\u00bb1_2,1_2&#8243; _builder_version=\u00bb4.5.3&#8243; module_alignment=\u00bbcenter\u00bb custom_padding=\u00bb38.05px|0px|60px|0px|false|false\u00bb][et_pb_column type=\u00bb1_2&#8243; _builder_version=\u00bb3.25&#8243; custom_padding=\u00bb|||\u00bb custom_padding__hover=\u00bb|||\u00bb][et_pb_image src=\u00bbhttps:\/\/www.giselagarciagleria.com.ar\/wp-content\/uploads\/2021\/01\/Lagavulin-Bay-Morning.jpg\u00bb alt=\u00bbLa Rosa de los Vientos para Cata de Whisky 2&#8243; title_text=\u00bbLagavulin-Bay-Morning\u00bb _builder_version=\u00bb4.7.7&#8243; _module_preset=\u00bbdefault\u00bb hover_enabled=\u00bb0&#8243; box_shadow_style=\u00bbpreset3&#8243; box_shadow_blur=\u00bb8px\u00bb sticky_enabled=\u00bb0&#8243;][\/et_pb_image][\/et_pb_column][et_pb_column type=\u00bb1_2&#8243; _builder_version=\u00bb3.25&#8243; custom_padding=\u00bb|||\u00bb custom_padding__hover=\u00bb|||\u00bb][et_pb_text _builder_version=\u00bb4.7.7&#8243; text_font=\u00bb||||||||\u00bb text_text_color=\u00bb#000000&#8243; text_font_size=\u00bb16px\u00bb header_font=\u00bb||||||||\u00bb header_text_color=\u00bb#0c71c3&#8243; header_3_font=\u00bb||||||||\u00bb header_3_text_color=\u00bb#236193&#8243; header_5_font=\u00bb||||||||\u00bb header_5_text_color=\u00bb#236193&#8243; custom_margin=\u00bb||30px\u00bb hover_enabled=\u00bb0&#8243; text_font_size_tablet=\u00bb16px\u00bb text_font_size_phone=\u00bb14px\u00bb text_font_size_last_edited=\u00bbon|phone\u00bb text_line_height_tablet=\u00bb\u00bb text_line_height_phone=\u00bb1.8em\u00bb text_line_height_last_edited=\u00bbon|phone\u00bb header_3_font_size_tablet=\u00bb20px\u00bb header_3_font_size_phone=\u00bb\u00bb header_3_font_size_last_edited=\u00bbon|phone\u00bb header_5_font_size_tablet=\u00bb\u00bb header_5_font_size_phone=\u00bb12px\u00bb header_5_font_size_last_edited=\u00bbon|phone\u00bb header_5_line_height_tablet=\u00bb\u00bb header_5_line_height_phone=\u00bb\u00bb header_5_line_height_last_edited=\u00bbon|phone\u00bb sticky_enabled=\u00bb0&#8243;]<\/p>\n<h5>Serie: Esp\u00edritu del Mar<\/h5>\n<h5>T\u00e9cnica: Acr\u00edlico sobre tela<\/h5>\n<h5>Medidas: 50 x 40 cm<\/h5>\n<h5>A\u00f1o: 2020<\/h5>\n<p>&nbsp;<\/p>\n<p><em>Inspirado en una fotograf\u00eda de David Livingston en Islay.<br \/> <\/em><\/p>\n<p>&nbsp;<\/p>\n<p>La Bah\u00eda de Lagavulin tiene una belleza m\u00e1s all\u00e1 de la imaginaci\u00f3n, el cielo es una sorprendente paleta de hermosos colores que se derraman en las aguas de sus costas, creando im\u00e1genes m\u00e1s all\u00e1 de la imaginaci\u00f3n. <br \/>En esta tierra maravillosa naci\u00f3 el whisky Lagavulin, donde el clima mar\u00edtimo fresco se presta perfectamente al proceso de destilaci\u00f3n y el agua de Islay es un ingrediente clave de su personalidad \u00fanica.<\/p>\n<p>&nbsp;<\/p>\n<p>&nbsp;<\/p>\n<p>[\/et_pb_text][et_pb_text _builder_version=\u00bb4.7.7&#8243; text_font=\u00bb||||||||\u00bb text_text_color=\u00bb#9b9b9b\u00bb custom_margin=\u00bb50px||\u00bb custom_margin_tablet=\u00bb30px||\u00bb custom_margin_phone=\u00bb\u00bb custom_margin_last_edited=\u00bbon|phone\u00bb link_option_url=\u00bbhttps:\/\/www.giselagarciagleria.com.ar\/espiritu-del-mar\/\u00bb locked=\u00bboff\u00bb text_text_color__hover_enabled=\u00bbon\u00bb text_text_color__hover=\u00bb#e09900&#8243;]<\/p>\n<p><strong>&lt; Volver al CAT\u00c1LOGO<\/strong><\/p>\n<p>[\/et_pb_text][\/et_pb_column][\/et_pb_row][et_pb_row _builder_version=\u00bb3.25&#8243; custom_padding=\u00bb0|0px|23px|0px|false|false\u00bb][et_pb_column type=\u00bb4_4&#8243; _builder_version=\u00bb3.25&#8243; custom_padding=\u00bb|||\u00bb custom_padding__hover=\u00bb|||\u00bb][et_pb_post_nav in_same_term=\u00bbon\u00bb prev_text=\u00bbANTERIOR\u00bb next_text=\u00bbSIGUIENTE\u00bb _builder_version=\u00bb3.19.17&#8243; title_font=\u00bb|600|||||||\u00bb title_font_size_tablet=\u00bb\u00bb title_font_size_phone=\u00bb12px\u00bb title_font_size_last_edited=\u00bbon|desktop\u00bb][\/et_pb_post_nav][\/et_pb_column][\/et_pb_row][\/et_pb_section]<\/p>\n","protected":false},"excerpt":{"rendered":"<p>Serie: Esp\u00edritu del Mar T\u00e9cnica: Acr\u00edlico sobre tela Medidas: 50 x 40 cm A\u00f1o: 2020 &nbsp; Inspirado en una fotograf\u00eda de David Livingston en Islay. &nbsp; La Bah\u00eda de Lagavulin tiene una belleza m\u00e1s all\u00e1 de la imaginaci\u00f3n, el cielo es una sorprendente paleta de hermosos colores que se derraman en las aguas de sus [&hellip;]<\/p>\n","protected":false},"author":1,"featured_media":8389,"template":"","meta":{"_et_pb_use_builder":"on","_et_pb_old_content":"","_et_gb_content_width":"","footnotes":""},"project_category":[77],"project_tag":[],"class_list":["post-8435","project","type-project","status-publish","has-post-thumbnail","hentry","project_category-espiritu-del-mar"],"a3_pvc":{"activated":false,"total_views":3,"today_views":0},"_links":{"self":[{"href":"https:\/\/www.giselagarciagleria.com.ar\/en\/wp-json\/wp\/v2\/project\/8435","targetHints":{"allow":["GET"]}}],"collection":[{"href":"https:\/\/www.giselagarciagleria.com.ar\/en\/wp-json\/wp\/v2\/project"}],"about":[{"href":"https:\/\/www.giselagarciagleria.com.ar\/en\/wp-json\/wp\/v2\/types\/project"}],"author":[{"embeddable":true,"href":"https:\/\/www.giselagarciagleria.com.ar\/en\/wp-json\/wp\/v2\/users\/1"}],"version-history":[{"count":0,"href":"https:\/\/www.giselagarciagleria.com.ar\/en\/wp-json\/wp\/v2\/project\/8435\/revisions"}],"wp:featuredmedia":[{"embeddable":true,"href":"https:\/\/www.giselagarciagleria.com.ar\/en\/wp-json\/wp\/v2\/media\/8389"}],"wp:attachment":[{"href":"https:\/\/www.giselagarciagleria.com.ar\/en\/wp-json\/wp\/v2\/media?parent=8435"}],"wp:term":[{"taxonomy":"project_category","embeddable":true,"href":"https:\/\/www.giselagarciagleria.com.ar\/en\/wp-json\/wp\/v2\/project_category?post=8435"},{"taxonomy":"project_tag","embeddable":true,"href":"https:\/\/www.giselagarciagleria.com.ar\/en\/wp-json\/wp\/v2\/project_tag?post=8435"}],"curies":[{"name":"wp","href":"https:\/\/api.w.org\/{rel}","templated":true}]}}

<p>[et_pb_section fb_built=»1&#8243; inner_shadow=»on» _builder_version=»3.22&#8243; custom_padding=»15px|0px|0|0px|false|false» box_shadow_style=»preset6&#8243;][et_pb_row _builder_version=»3.25&#8243; custom_padding=»0|0px|23px|0px|false|false»][et_pb_column type=»4_4&#8243; _builder_version=»3.25&#8243; custom_padding=»|||» custom_padding__hover=»|||»][et_pb_post_nav in_same_term=»on» prev_text=»ANTERIOR» next_text=»SIGUIENTE» _builder_version=»3.19.17&#8243; title_font=»|600|||||||» title_font_size_tablet=»» title_font_size_phone=»12px» title_font_size_last_edited=»on|desktop»][/et_pb_post_nav][/et_pb_column][/et_pb_row][et_pb_row _builder_version=»3.25&#8243; custom_padding=»38.05px|0px|0|0px|false|false»][et_pb_column type=»4_4&#8243; _builder_version=»3.25&#8243; custom_padding=»|||» custom_padding__hover=»|||»][et_pb_post_title author=»off» date=»off» comments=»off» featured_image=»off» _builder_version=»3.19.17&#8243; title_font=»|600|||||||» title_text_color=»#a5457f» title_font_size=»30px» title_font_size_tablet=»24px» title_font_size_phone=»22px» title_font_size_last_edited=»on|phone» title_text_shadow_style=»preset2&#8243;][/et_pb_post_title][/et_pb_column][/et_pb_row][et_pb_row column_structure=»1_2,1_2&#8243; _builder_version=»4.5.3&#8243; module_alignment=»center» custom_padding=»38.05px|0px|60px|0px|false|false»][et_pb_column type=»1_2&#8243; _builder_version=»3.25&#8243; custom_padding=»|||» custom_padding__hover=»|||»][et_pb_image src=»https://www.giselagarciagleria.com.ar/wp-content/uploads/2021/01/Lagavulin-Bay-Morning.jpg» alt=»La Rosa de los Vientos para Cata de Whisky 2&#8243; title_text=»Lagavulin-Bay-Morning» _builder_version=»4.7.7&#8243; _module_preset=»default» hover_enabled=»0&#8243; box_shadow_style=»preset3&#8243; box_shadow_blur=»8px» sticky_enabled=»0&#8243;][/et_pb_image][/et_pb_column][et_pb_column type=»1_2&#8243; _builder_version=»3.25&#8243; custom_padding=»|||» custom_padding__hover=»|||»][et_pb_text _builder_version=»4.7.7&#8243; text_font=»||||||||» text_text_color=»#000000&#8243; text_font_size=»16px» header_font=»||||||||» header_text_color=»#0c71c3&#8243; header_3_font=»||||||||» header_3_text_color=»#236193&#8243; header_5_font=»||||||||» header_5_text_color=»#236193&#8243; custom_margin=»||30px» hover_enabled=»0&#8243; text_font_size_tablet=»16px» text_font_size_phone=»14px» text_font_size_last_edited=»on|phone» text_line_height_tablet=»» text_line_height_phone=»1.8em» text_line_height_last_edited=»on|phone» header_3_font_size_tablet=»20px» header_3_font_size_phone=»» header_3_font_size_last_edited=»on|phone» header_5_font_size_tablet=»» header_5_font_size_phone=»12px» header_5_font_size_last_edited=»on|phone» header_5_line_height_tablet=»» header_5_line_height_phone=»» header_5_line_height_last_edited=»on|phone» sticky_enabled=»0&#8243;]</p>
<h5>Serie: Espíritu del Mar</h5>
<h5>Técnica: Acrílico sobre tela</h5>
<h5>Medidas: 50 x 40 cm</h5>
<h5>Año: 2020</h5>
<p>&nbsp;</p>
<p><em>Inspirado en una fotografía de David Livingston en Islay.<br /> </em></p>
<p>&nbsp;</p>
<p>La Bahía de Lagavulin tiene una belleza más allá de la imaginación, el cielo es una sorprendente paleta de hermosos colores que se derraman en las aguas de sus costas, creando imágenes más allá de la imaginación. <br />En esta tierra maravillosa nació el whisky Lagavulin, donde el clima marítimo fresco se presta perfectamente al proceso de destilación y el agua de Islay es un ingrediente clave de su personalidad única.</p>
<p>&nbsp;</p>
<p>&nbsp;</p>
<p>[/et_pb_text][et_pb_text _builder_version=»4.7.7&#8243; text_font=»||||||||» text_text_color=»#9b9b9b» custom_margin=»50px||» custom_margin_tablet=»30px||» custom_margin_phone=»» custom_margin_last_edited=»on|phone» link_option_url=»https://www.giselagarciagleria.com.ar/espiritu-del-mar/» locked=»off» text_text_color__hover_enabled=»on» text_text_color__hover=»#e09900&#8243;]</p>
<p><strong>&lt; Volver al CATÁLOGO</strong></p>
<p>[/et_pb_text][/et_pb_column][/et_pb_row][et_pb_row _builder_version=»3.25&#8243; custom_padding=»0|0px|23px|0px|false|false»][et_pb_column type=»4_4&#8243; _builder_version=»3.25&#8243; custom_padding=»|||» custom_padding__hover=»|||»][et_pb_post_nav in_same_term=»on» prev_text=»ANTERIOR» next_text=»SIGUIENTE» _builder_version=»3.19.17&#8243; title_font=»|600|||||||» title_font_size_tablet=»» title_font_size_phone=»12px» title_font_size_last_edited=»on|desktop»][/et_pb_post_nav][/et_pb_column][/et_pb_row][/et_pb_section]</p>

<p>Serie: Espíritu del Mar Técnica: Acrílico sobre tela Medidas: 50 x 40 cm Año: 2020 &nbsp; Inspirado en una fotografía de David Livingston en Islay. &nbsp; La Bahía de Lagavulin tiene una belleza más allá de la imaginación, el cielo es una sorprendente paleta de hermosos colores que se derraman en las aguas de sus [&hellip;]</p>
